{"id":2836,"date":"2016-07-25T19:40:00","date_gmt":"2016-07-25T22:40:00","guid":{"rendered":"https:\/\/apublica.org\/100.new\/transmidia\/"},"modified":"2022-06-02T16:03:49","modified_gmt":"2022-06-02T19:03:49","slug":"transmidia","status":"publish","type":"page","link":"https:\/\/apublica.org\/100\/transmidia\/","title":{"rendered":"Transm\u00eddia"},"content":{"rendered":"\n<p class=\"has-text-align-right\">Por Olga Luc\u00eda Lozano | 25 de julho de 2016<\/p>\n\n\n\n<h2 class=\"wp-block-heading\">100 offline: o conceito por tr\u00e1s de uma reportagem transm\u00eddia<\/h2>\n\n\n<div class=\"wp-block-image\">\n<figure class=\"alignleft size-full\"><img loading=\"lazy\" decoding=\"async\" width=\"310\" height=\"460\" src=\"https:\/\/apublica.org\/100\/wp-content\/uploads\/2022\/06\/persiana2.png\" alt=\"\" class=\"wp-image-4977\" srcset=\"https:\/\/apublica.org\/100\/wp-content\/uploads\/2022\/06\/persiana2.png 310w, https:\/\/apublica.org\/100\/wp-content\/uploads\/2022\/06\/persiana2-202x300.png 202w\" sizes=\"auto, (max-width: 310px) 100vw, 310px\" \/><\/figure>\n<\/div>\n\n\n<p>Durante o processo de gesta\u00e7\u00e3o de 100, a ideia central desta reportagem especial foi a de paredes que cedem para que se apague uma hist\u00f3ria; para dar lugar a muros reluzentes que impedem a lembran\u00e7a do que era o Rio pr\u00e9-megaeventos; para enterrar as hist\u00f3rias de quem construiu e habitou esses espa\u00e7os antes das remo\u00e7\u00f5es. Foi a partir dessa ideia que fizemos a conceitualiza\u00e7\u00e3o gr\u00e1fica e a estrutura que, ao final, perpassam o projeto jornal\u00edstico na sua totalidade.<\/p>\n\n\n\n<p>Ao ser concebido como uma reportagem transm\u00eddia, al\u00e9m dos conte\u00fados online, o especial 100 incluiu componentes produzidos para circular em outros formatos e em espa\u00e7os offline, com o prop\u00f3sito de chegar a p\u00fablicos diversos e, tamb\u00e9m, de gerar uma narrativa capaz de abordar diversas perspectivas.<\/p>\n\n\n\n<p>Assim nasceram \u201cCem\u201d, \u201cAntes e Depois\u201d e \u201cHomenagem \u00e0s Paredes Ca\u00eddas\u201d, tr\u00eas obras art\u00edsticas que traduzem a investiga\u00e7\u00e3o jornal\u00edstica para linguagens mais pr\u00f3ximas \u00e0s artes visuais.<\/p>\n\n\n\n<p>As pe\u00e7as foram produzidas por mim e pela designer Lorena Parra e inauguradas durante a mostra &#8220;7&#215;1 \u2013 Cinco anos de cobertura jornal\u00edstica dos megaeventos&#8221;, que reuniu as melhores reportagens da <a href=\"https:\/\/apublica.org\">Ag\u00eancia P\u00fablica<\/a> sobre a Copa do Mundo de 2014 e a Olimp\u00edada de 2016.<\/p>\n\n\n\n<h2 class=\"wp-block-heading\">\u201cCem\u201d<\/h2>\n\n\n\n<p>As demoli\u00e7\u00f5es n\u00e3o apenas fraturam constru\u00e7\u00f5es e paredes. A imagem da queda das casas \u201cdesaparecidas\u201d da paisagem urbana do Rio de Janeiro \u00e9 somente uma face dos sentimentos de muitos que foram obrigados pela prefeitura a migrar do lugar onde cresceram e constru\u00edram tecidos sociais.<\/p>\n\n\n\n<p>A pe\u00e7a expressa justamente esse processo de desintegra\u00e7\u00e3o exterior e interior que acontece em poucos minutos, apesar de ter um impacto permanente. Tomando como base quatro imagens do fot\u00f3grafo carioca Luiz Baltar \u2013 duas delas de momentos pr\u00e9vios \u00e0s demoli\u00e7\u00f5es e duas, posteriores \u2013, \u201cCem\u201d \u00e9 composta por duas persianas que, ao serem giradas pelo p\u00fablico, permitem ver, de um lado, os lugares antes de serem tocados e, do outro lado, o resultado da fragmenta\u00e7\u00e3o do espa\u00e7o.<\/p>\n\n\n\n<blockquote class=\"wp-block-quote is-layout-flow wp-block-quote-is-layout-flow\"><p>\u201cCem\u201d foi exposta publicamente pela primeira vez em 9 de julho de 2016, na Casa P\u00fablica, no bairro de Botafogo, no Rio de Janeiro.<\/p><\/blockquote>\n\n\n\n<p>\u00c9 como um palimpsesto urbano, uma cidade que se reescreve sobre outra que se recusa a desaparecer entre os escombros\u2026 S\u00e3o imagens que usurpam o presente ou se fragmentam no passado. Assim, as persianas mant\u00eam intactos dois lugares cujo passado somente poder\u00e1 ser reconhec\u00edvel nos relatos e nas lembran\u00e7as daqueles que tiveram de abandonar a sua habita\u00e7\u00e3o.<\/p>\n\n\n\n<h2 class=\"wp-block-heading\">\u201cAntes e Depois\u201d<\/h2>\n\n\n<div class=\"wp-block-image\">\n<figure class=\"aligncenter size-full\"><img loading=\"lazy\" decoding=\"async\" width=\"632\" height=\"574\" src=\"https:\/\/apublica.org\/100\/wp-content\/uploads\/2022\/06\/postales-r1-c1.png\" alt=\"\" class=\"wp-image-4979\" srcset=\"https:\/\/apublica.org\/100\/wp-content\/uploads\/2022\/06\/postales-r1-c1.png 632w, https:\/\/apublica.org\/100\/wp-content\/uploads\/2022\/06\/postales-r1-c1-300x272.png 300w\" sizes=\"auto, (max-width: 632px) 100vw, 632px\" \/><\/figure>\n<\/div>\n\n\n<p>Mais do que uma pe\u00e7a independente, esse cart\u00e3o-postal \u00e9 a vers\u00e3o 2 de \u201cCem\u201d. Nela, diferentemente da instala\u00e7\u00e3o, as duas imagens se mant\u00eam inteiras. O \u201cantes\u201d e \u201cdepois\u201d dos lugares arrasados pelas obras ol\u00edmpicas podem ser apreciados claramente, apenas virando o postal. Assim, o destinat\u00e1rio do cart\u00e3o-postal pode definir o quanto vai demorar para demolir uma casa. Basta virar a m\u00e3o\u2026 como se nela estivesse o destino dos outros.<\/p>\n\n\n\n<p>Igualmente, a inten\u00e7\u00e3o ao escolher o formato foi criar uma lembrancinha. Uma pe\u00e7a para que as pessoas possam conservar como suvenir dos Jogos Ol\u00edmpicos, mas sobretudo do Rio de Janeiro, que sofreu interven\u00e7\u00f5es est\u00e9ticas irrevers\u00edveis.<\/p>\n\n\n\n<p>Foram impressos apenas 100 postais, fazendo uma alus\u00e3o \u00e0s 100 fam\u00edlias cujas vidas, vozes e hist\u00f3rias fazem parte da reportagem especial.<\/p>\n\n\n\n<h2 class=\"wp-block-heading\">Uma homenagem \u00e0s paredes ca\u00eddas<\/h2>\n\n\n\n<p>Uma das inten\u00e7\u00f5es centrais do projeto 100 \u00e9 consolidar um relato multivocal, abordando n\u00e3o apenas os aspectos urbano, pol\u00edtico e econ\u00f4mico, mas tamb\u00e9m toda a riqueza de emo\u00e7\u00f5es e viv\u00eancias que rodearam as remo\u00e7\u00f5es ol\u00edmpicas.<\/p>\n\n\n\n<p>\u201cUma homenagem ef\u00eamera \u00e0s paredes ca\u00eddas\u201d surge justamente como resultado da releitura da situa\u00e7\u00e3o \u201cgeogr\u00e1fico-emocional\u201d daqueles que viram a demoli\u00e7\u00e3o das casas que constru\u00edram durante anos e nas quais passaram momentos fundamentais da sua hist\u00f3ria.<\/p>\n\n\n\n<p>A instala\u00e7\u00e3o foi concebida como uma parede de 100 tijolos, n\u00e3o somente com o objetivo de evocar as hist\u00f3rias desses 100 personagens que alimentam a reportagem, mas sobretudo a condi\u00e7\u00e3o ef\u00eamera daquelas paredes que por d\u00e9cadas as abrigaram.<\/p>\n\n\n\n<p>Durante a inaugura\u00e7\u00e3o da obra de arte, o p\u00fablico presente foi convidado a tomar parte no \u201cladrilha\u00e7o coletivo\u201d: cada um p\u00f4de retirar um dos tijolos, feitos de espuma e tecido, e lev\u00e1-lo para casa. Converteram-se assim, de maneira involunt\u00e1ria, em \u201cdemolidores\u201d da parede. Cada tijolo tem um n\u00famero \u00fanico que tamb\u00e9m corresponde a uma das hist\u00f3rias de 100.<\/p>\n\n\n\n<p>Entre os visitantes que participaram da demoli\u00e7\u00e3o dessa parede ef\u00eamera, estava a <a href=\"https:\/\/apublica.org\/100\/familia-santos-rocha-2\/\">fam\u00edlia Santos Rocha<\/a>, cuja hist\u00f3ria, em formato de fotorreportagem de JV Santos, est\u00e1 presente na contagem de 100.<\/p>\n\n\n\n<p>Ao verem os tijolos ca\u00eddos no ch\u00e3o, os dois filhos menores de Evanilde Rocha se puseram a rapidamente reempilh\u00e1-los.<\/p>\n\n\n\n<p>O destino dos tijolos levados pelo p\u00fablico \u00e9 desconhecido. Mas a rea\u00e7\u00e3o dos filhos da fam\u00edlia deixou claro o \u00f3bvio: \u00e9 preciso voltar a juntar as pe\u00e7as e a levantar as paredes, mesmo que elas voltem a cair muitas e muitas vezes.<\/p>\n","protected":false},"excerpt":{"rendered":"<p>100 offline: o conceito por tr\u00e1s de uma reportagem transm\u00eddia <\/p>\n","protected":false},"author":15,"featured_media":0,"parent":0,"menu_order":0,"comment_status":"closed","ping_status":"closed","template":"","meta":{"_acf_changed":false,"footnotes":""},"coauthors":[17],"class_list":["post-2836","page","type-page","status-publish","hentry"],"acf":{"introduction":"","byline":""},"yoast_head":"<!-- This site is optimized with the Yoast SEO plugin v27.4 - https:\/\/yoast.com\/product\/yoast-seo-wordpress\/ -->\n<title>Transm\u00eddia - 100<\/title>\n<meta name=\"robots\" content=\"index, follow, max-snippet:-1, max-image-preview:large, max-video-preview:-1\" \/>\n<link rel=\"canonical\" href=\"https:\/\/apublica.org\/100\/transmidia\/\" \/>\n<meta property=\"og:locale\" content=\"pt_BR\" \/>\n<meta property=\"og:type\" content=\"article\" \/>\n<meta property=\"og:title\" content=\"Transm\u00eddia - 100\" \/>\n<meta property=\"og:description\" content=\"100 offline: o conceito por tr\u00e1s de uma reportagem transm\u00eddia\" \/>\n<meta property=\"og:url\" content=\"https:\/\/apublica.org\/100\/transmidia\/\" \/>\n<meta property=\"og:site_name\" content=\"100\" \/>\n<meta property=\"article:modified_time\" content=\"2022-06-02T19:03:49+00:00\" \/>\n<meta property=\"og:image\" content=\"https:\/\/apublica.org\/100\/wp-content\/uploads\/2022\/06\/persiana2.png\" \/>\n<meta name=\"twitter:card\" content=\"summary_large_image\" \/>\n<meta name=\"twitter:label1\" content=\"Est. tempo de leitura\" \/>\n\t<meta name=\"twitter:data1\" content=\"5 minutos\" \/>\n\t<meta name=\"twitter:label2\" content=\"Written by\" \/>\n\t<meta name=\"twitter:data2\" content=\"olga\" \/>\n<script type=\"application\/ld+json\" class=\"yoast-schema-graph\">{\"@context\":\"https:\\\/\\\/schema.org\",\"@graph\":[{\"@type\":\"WebPage\",\"@id\":\"https:\\\/\\\/apublica.org\\\/100\\\/transmidia\\\/\",\"url\":\"https:\\\/\\\/apublica.org\\\/100\\\/transmidia\\\/\",\"name\":\"Transm\u00eddia - 100\",\"isPartOf\":{\"@id\":\"https:\\\/\\\/apublica.org\\\/100\\\/#website\"},\"primaryImageOfPage\":{\"@id\":\"https:\\\/\\\/apublica.org\\\/100\\\/transmidia\\\/#primaryimage\"},\"image\":{\"@id\":\"https:\\\/\\\/apublica.org\\\/100\\\/transmidia\\\/#primaryimage\"},\"thumbnailUrl\":\"https:\\\/\\\/apublica.org\\\/100\\\/wp-content\\\/uploads\\\/2022\\\/06\\\/persiana2.png\",\"datePublished\":\"2016-07-25T22:40:00+00:00\",\"dateModified\":\"2022-06-02T19:03:49+00:00\",\"breadcrumb\":{\"@id\":\"https:\\\/\\\/apublica.org\\\/100\\\/transmidia\\\/#breadcrumb\"},\"inLanguage\":\"pt-BR\",\"potentialAction\":[{\"@type\":\"ReadAction\",\"target\":[\"https:\\\/\\\/apublica.org\\\/100\\\/transmidia\\\/\"]}]},{\"@type\":\"ImageObject\",\"inLanguage\":\"pt-BR\",\"@id\":\"https:\\\/\\\/apublica.org\\\/100\\\/transmidia\\\/#primaryimage\",\"url\":\"https:\\\/\\\/apublica.org\\\/100\\\/wp-content\\\/uploads\\\/2022\\\/06\\\/persiana2.png\",\"contentUrl\":\"https:\\\/\\\/apublica.org\\\/100\\\/wp-content\\\/uploads\\\/2022\\\/06\\\/persiana2.png\",\"width\":310,\"height\":460},{\"@type\":\"BreadcrumbList\",\"@id\":\"https:\\\/\\\/apublica.org\\\/100\\\/transmidia\\\/#breadcrumb\",\"itemListElement\":[{\"@type\":\"ListItem\",\"position\":1,\"name\":\"In\u00edcio\",\"item\":\"https:\\\/\\\/apublica.org\\\/100.new\\\/\"},{\"@type\":\"ListItem\",\"position\":2,\"name\":\"Transm\u00eddia\"}]},{\"@type\":\"WebSite\",\"@id\":\"https:\\\/\\\/apublica.org\\\/100\\\/#website\",\"url\":\"https:\\\/\\\/apublica.org\\\/100\\\/\",\"name\":\"100\",\"description\":\"100 hist\u00f3rias. 100 remo\u00e7\u00f5es. 100 casas destru\u00eddas pelos Jogos Ol\u00edmpicos 2016\",\"publisher\":{\"@id\":\"https:\\\/\\\/apublica.org\\\/100\\\/#organization\"},\"potentialAction\":[{\"@type\":\"SearchAction\",\"target\":{\"@type\":\"EntryPoint\",\"urlTemplate\":\"https:\\\/\\\/apublica.org\\\/100\\\/?s={search_term_string}\"},\"query-input\":{\"@type\":\"PropertyValueSpecification\",\"valueRequired\":true,\"valueName\":\"search_term_string\"}}],\"inLanguage\":\"pt-BR\"},{\"@type\":\"Organization\",\"@id\":\"https:\\\/\\\/apublica.org\\\/100\\\/#organization\",\"name\":\"100\",\"url\":\"https:\\\/\\\/apublica.org\\\/100\\\/\",\"logo\":{\"@type\":\"ImageObject\",\"inLanguage\":\"pt-BR\",\"@id\":\"https:\\\/\\\/apublica.org\\\/100\\\/#\\\/schema\\\/logo\\\/image\\\/\",\"url\":\"https:\\\/\\\/apublica.org\\\/100\\\/wp-content\\\/uploads\\\/2022\\\/06\\\/100.png\",\"contentUrl\":\"https:\\\/\\\/apublica.org\\\/100\\\/wp-content\\\/uploads\\\/2022\\\/06\\\/100.png\",\"width\":261,\"height\":135,\"caption\":\"100\"},\"image\":{\"@id\":\"https:\\\/\\\/apublica.org\\\/100\\\/#\\\/schema\\\/logo\\\/image\\\/\"}}]}<\/script>\n<!-- \/ Yoast SEO plugin. -->","yoast_head_json":{"title":"Transm\u00eddia - 100","robots":{"index":"index","follow":"follow","max-snippet":"max-snippet:-1","max-image-preview":"max-image-preview:large","max-video-preview":"max-video-preview:-1"},"canonical":"https:\/\/apublica.org\/100\/transmidia\/","og_locale":"pt_BR","og_type":"article","og_title":"Transm\u00eddia - 100","og_description":"100 offline: o conceito por tr\u00e1s de uma reportagem transm\u00eddia","og_url":"https:\/\/apublica.org\/100\/transmidia\/","og_site_name":"100","article_modified_time":"2022-06-02T19:03:49+00:00","og_image":[{"url":"https:\/\/apublica.org\/100\/wp-content\/uploads\/2022\/06\/persiana2.png","type":"","width":"","height":""}],"twitter_card":"summary_large_image","twitter_misc":{"Est. tempo de leitura":"5 minutos","Written by":"olga"},"schema":{"@context":"https:\/\/schema.org","@graph":[{"@type":"WebPage","@id":"https:\/\/apublica.org\/100\/transmidia\/","url":"https:\/\/apublica.org\/100\/transmidia\/","name":"Transm\u00eddia - 100","isPartOf":{"@id":"https:\/\/apublica.org\/100\/#website"},"primaryImageOfPage":{"@id":"https:\/\/apublica.org\/100\/transmidia\/#primaryimage"},"image":{"@id":"https:\/\/apublica.org\/100\/transmidia\/#primaryimage"},"thumbnailUrl":"https:\/\/apublica.org\/100\/wp-content\/uploads\/2022\/06\/persiana2.png","datePublished":"2016-07-25T22:40:00+00:00","dateModified":"2022-06-02T19:03:49+00:00","breadcrumb":{"@id":"https:\/\/apublica.org\/100\/transmidia\/#breadcrumb"},"inLanguage":"pt-BR","potentialAction":[{"@type":"ReadAction","target":["https:\/\/apublica.org\/100\/transmidia\/"]}]},{"@type":"ImageObject","inLanguage":"pt-BR","@id":"https:\/\/apublica.org\/100\/transmidia\/#primaryimage","url":"https:\/\/apublica.org\/100\/wp-content\/uploads\/2022\/06\/persiana2.png","contentUrl":"https:\/\/apublica.org\/100\/wp-content\/uploads\/2022\/06\/persiana2.png","width":310,"height":460},{"@type":"BreadcrumbList","@id":"https:\/\/apublica.org\/100\/transmidia\/#breadcrumb","itemListElement":[{"@type":"ListItem","position":1,"name":"In\u00edcio","item":"https:\/\/apublica.org\/100.new\/"},{"@type":"ListItem","position":2,"name":"Transm\u00eddia"}]},{"@type":"WebSite","@id":"https:\/\/apublica.org\/100\/#website","url":"https:\/\/apublica.org\/100\/","name":"100","description":"100 hist\u00f3rias. 100 remo\u00e7\u00f5es. 100 casas destru\u00eddas pelos Jogos Ol\u00edmpicos 2016","publisher":{"@id":"https:\/\/apublica.org\/100\/#organization"},"potentialAction":[{"@type":"SearchAction","target":{"@type":"EntryPoint","urlTemplate":"https:\/\/apublica.org\/100\/?s={search_term_string}"},"query-input":{"@type":"PropertyValueSpecification","valueRequired":true,"valueName":"search_term_string"}}],"inLanguage":"pt-BR"},{"@type":"Organization","@id":"https:\/\/apublica.org\/100\/#organization","name":"100","url":"https:\/\/apublica.org\/100\/","logo":{"@type":"ImageObject","inLanguage":"pt-BR","@id":"https:\/\/apublica.org\/100\/#\/schema\/logo\/image\/","url":"https:\/\/apublica.org\/100\/wp-content\/uploads\/2022\/06\/100.png","contentUrl":"https:\/\/apublica.org\/100\/wp-content\/uploads\/2022\/06\/100.png","width":261,"height":135,"caption":"100"},"image":{"@id":"https:\/\/apublica.org\/100\/#\/schema\/logo\/image\/"}}]}},"jetpack_sharing_enabled":true,"_links":{"self":[{"href":"https:\/\/apublica.org\/100\/wp-json\/wp\/v2\/pages\/2836","targetHints":{"allow":["GET"]}}],"collection":[{"href":"https:\/\/apublica.org\/100\/wp-json\/wp\/v2\/pages"}],"about":[{"href":"https:\/\/apublica.org\/100\/wp-json\/wp\/v2\/types\/page"}],"author":[{"embeddable":true,"href":"https:\/\/apublica.org\/100\/wp-json\/wp\/v2\/users\/15"}],"replies":[{"embeddable":true,"href":"https:\/\/apublica.org\/100\/wp-json\/wp\/v2\/comments?post=2836"}],"version-history":[{"count":3,"href":"https:\/\/apublica.org\/100\/wp-json\/wp\/v2\/pages\/2836\/revisions"}],"predecessor-version":[{"id":4980,"href":"https:\/\/apublica.org\/100\/wp-json\/wp\/v2\/pages\/2836\/revisions\/4980"}],"wp:attachment":[{"href":"https:\/\/apublica.org\/100\/wp-json\/wp\/v2\/media?parent=2836"}],"wp:term":[{"taxonomy":"author","embeddable":true,"href":"https:\/\/apublica.org\/100\/wp-json\/wp\/v2\/coauthors?post=2836"}],"curies":[{"name":"wp","href":"https:\/\/api.w.org\/{rel}","templated":true}]}}