{"id":2842,"date":"2020-06-15T18:34:16","date_gmt":"2020-06-15T21:34:16","guid":{"rendered":"https:\/\/apublica.org\/100.new\/a-equipe\/"},"modified":"2022-05-29T16:56:11","modified_gmt":"2022-05-29T19:56:11","slug":"a-equipe","status":"publish","type":"page","link":"https:\/\/apublica.org\/100\/pt\/a-equipe\/","title":{"rendered":"A equipe"},"content":{"rendered":"<div class='row user'>\n\t\t\t<div class=\"col-xs-4 col-sm-2 col-lg-2 col_sinp\">\n\t\t\t\t<div class=\"equi uni_1\">\n\t\t\t\t\t<figure>\n\t\t\t\t\t\t<img decoding=\"async\" src=\"https:\/\/apublica.org\/100\/wp-content\/uploads\/2020\/06\/admin-ajaxphp-12.png\"  alt=\"Natalia Viana\"\/>\n\t\t\t\t\t<\/figure>\n\t\t\t\t\t<hgroup class=\"p-2\">\n\t\t\t\t\t\t<h2 class=\"h5 font-weight-bold\">Natalia Viana<\/h2>\n\t\t\t\t\t\t<p class=\"small\">Coordenador do projeto, editor e reportagem<\/p>\n\t\t\t\t\t<\/hgroup>\n\t\t\t\t<\/div>\n\t\t\t<\/div>\n\t\t\n\t\t\t<div class=\"col-xs-4 col-sm-2 col-lg-2 col_sinp\">\n\t\t\t\t<div class=\"equi uni_1\">\n\t\t\t\t\t<figure>\n\t\t\t\t\t\t<img decoding=\"async\" src=\"https:\/\/apublica.org\/100\/wp-content\/uploads\/2020\/06\/admin-ajaxphp-6.png\"  alt=\"Jessica Mota\"\/>\n\t\t\t\t\t<\/figure>\n\t\t\t\t\t<hgroup class=\"p-2\">\n\t\t\t\t\t\t<h2 class=\"h5 font-weight-bold\">Jessica Mota<\/h2>\n\t\t\t\t\t\t<p class=\"small\">Reportagem<\/p>\n\t\t\t\t\t<\/hgroup>\n\t\t\t\t<\/div>\n\t\t\t<\/div>\n\t\t\n\t\t\t<div class=\"col-xs-4 col-sm-2 col-lg-2 col_sinp\">\n\t\t\t\t<div class=\"equi uni_3\">\n\t\t\t\t\t<figure>\n\t\t\t\t\t\t<img decoding=\"async\" src=\"https:\/\/apublica.org\/100\/wp-content\/uploads\/2020\/06\/admin-ajaxphp-11.png\"  alt=\"olga\"\/>\n\t\t\t\t\t<\/figure>\n\t\t\t\t\t<hgroup class=\"p-2\">\n\t\t\t\t\t\t<h2 class=\"h5 font-weight-bold\">olga<\/h2>\n\t\t\t\t\t\t<p class=\"small\">Editor criativo<\/p>\n\t\t\t\t\t<\/hgroup>\n\t\t\t\t<\/div>\n\t\t\t<\/div>\n\t\t\n\t\t\t<div class=\"col-xs-4 col-sm-2 col-lg-2 col_sinp\">\n\t\t\t\t<div class=\"equi uni_1\">\n\t\t\t\t\t<figure>\n\t\t\t\t\t\t<img decoding=\"async\" src=\"https:\/\/apublica.org\/100\/wp-content\/uploads\/2020\/06\/admin-ajaxphp-10.png\"  alt=\"Babak Fakhamzadeh\"\/>\n\t\t\t\t\t<\/figure>\n\t\t\t\t\t<hgroup class=\"p-2\">\n\t\t\t\t\t\t<h2 class=\"h5 font-weight-bold\">Babak Fakhamzadeh<\/h2>\n\t\t\t\t\t\t<p class=\"small\">Implementa\u00e7\u00e3o<\/p>\n\t\t\t\t\t<\/hgroup>\n\t\t\t\t<\/div>\n\t\t\t<\/div>\n\t\t\n\t\t\t<div class=\"col-xs-4 col-sm-2 col-lg-2 col_sinp\">\n\t\t\t\t<div class=\"equi uni_2\">\n\t\t\t\t\t<figure>\n\t\t\t\t\t\t<img decoding=\"async\" src=\"https:\/\/apublica.org\/100\/wp-content\/uploads\/2020\/06\/admin-ajaxphp-9.png\"  alt=\"Mariana Sim\u00f5es\"\/>\n\t\t\t\t\t<\/figure>\n\t\t\t\t\t<hgroup class=\"p-2\">\n\t\t\t\t\t\t<h2 class=\"h5 font-weight-bold\">Mariana Sim\u00f5es<\/h2>\n\t\t\t\t\t\t<p class=\"small\">Assistente de coordena\u00e7\u00e3o e relat\u00f3rios<\/p>\n\t\t\t\t\t<\/hgroup>\n\t\t\t\t<\/div>\n\t\t\t<\/div>\n\t\t\n\t\t\t<div class=\"col-xs-4 col-sm-2 col-lg-2 col_sinp\">\n\t\t\t\t<div class=\"equi uni_3\">\n\t\t\t\t\t<figure>\n\t\t\t\t\t\t<img decoding=\"async\" src=\"https:\/\/apublica.org\/100\/wp-content\/uploads\/2020\/06\/admin-ajaxphp-5.png\"  alt=\"Giulia Afiune\"\/>\n\t\t\t\t\t<\/figure>\n\t\t\t\t\t<hgroup class=\"p-2\">\n\t\t\t\t\t\t<h2 class=\"h5 font-weight-bold\">Giulia Afiune<\/h2>\n\t\t\t\t\t\t<p class=\"small\">Reportagem<\/p>\n\t\t\t\t\t<\/hgroup>\n\t\t\t\t<\/div>\n\t\t\t<\/div>\n\t\t\n\t\t\t<div class=\"col-xs-4 col-sm-2 col-lg-2 col_sinp\">\n\t\t\t\t<div class=\"equi uni_1\">\n\t\t\t\t\t<figure>\n\t\t\t\t\t\t<img decoding=\"async\" src=\"https:\/\/apublica.org\/100\/wp-content\/uploads\/2020\/06\/admin-ajaxphp-8.png\"  alt=\"Lorena Parra\"\/>\n\t\t\t\t\t<\/figure>\n\t\t\t\t\t<hgroup class=\"p-2\">\n\t\t\t\t\t\t<h2 class=\"h5 font-weight-bold\">Lorena Parra<\/h2>\n\t\t\t\t\t\t<p class=\"small\">Design e anima\u00e7\u00e3o<\/p>\n\t\t\t\t\t<\/hgroup>\n\t\t\t\t<\/div>\n\t\t\t<\/div>\n\t\t\n\t\t\t<div class=\"col-xs-4 col-sm-2 col-lg-2 col_sinp\">\n\t\t\t\t<div class=\"equi uni_2\">\n\t\t\t\t\t<figure>\n\t\t\t\t\t\t<img decoding=\"async\" src=\"https:\/\/apublica.org\/100\/wp-content\/uploads\/2020\/06\/admin-ajaxphp-2.png\"  alt=\"Bruno Fonseca\"\/>\n\t\t\t\t\t<\/figure>\n\t\t\t\t\t<hgroup class=\"p-2\">\n\t\t\t\t\t\t<h2 class=\"h5 font-weight-bold\">Bruno Fonseca<\/h2>\n\t\t\t\t\t\t<p class=\"small\">Assistente de Anima\u00e7\u00e3o<\/p>\n\t\t\t\t\t<\/hgroup>\n\t\t\t\t<\/div>\n\t\t\t<\/div>\n\t\t\n\t\t\t<div class=\"col-xs-4 col-sm-2 col-lg-2 col_sinp\">\n\t\t\t\t<div class=\"equi uni_3\">\n\t\t\t\t\t<figure>\n\t\t\t\t\t\t<img decoding=\"async\" src=\"https:\/\/apublica.org\/100\/wp-content\/uploads\/2020\/06\/admin-ajaxphp-3.png\"  alt=\"erickakellner\"\/>\n\t\t\t\t\t<\/figure>\n\t\t\t\t\t<hgroup class=\"p-2\">\n\t\t\t\t\t\t<h2 class=\"h5 font-weight-bold\">erickakellner<\/h2>\n\t\t\t\t\t\t<p class=\"small\">Reportagem<\/p>\n\t\t\t\t\t<\/hgroup>\n\t\t\t\t<\/div>\n\t\t\t<\/div>\n\t\t\n\t\t\t<div class=\"col-xs-4 col-sm-2 col-lg-2 col_sinp\">\n\t\t\t\t<div class=\"equi uni_1\">\n\t\t\t\t\t<figure>\n\t\t\t\t\t\t<img decoding=\"async\" src=\"https:\/\/apublica.org\/100\/wp-content\/uploads\/2020\/06\/admin-ajaxphp-7.png\"  alt=\"Lara Norgaard\"\/>\n\t\t\t\t\t<\/figure>\n\t\t\t\t\t<hgroup class=\"p-2\">\n\t\t\t\t\t\t<h2 class=\"h5 font-weight-bold\">Lara Norgaard<\/h2>\n\t\t\t\t\t\t<p class=\"small\">Assistente de tradu\u00e7\u00e3o<\/p>\n\t\t\t\t\t<\/hgroup>\n\t\t\t\t<\/div>\n\t\t\t<\/div>\n\t\t\n\t\t\t<div class=\"col-xs-4 col-sm-2 col-lg-2 col_sinp\">\n\t\t\t\t<div class=\"equi uni_2\">\n\t\t\t\t\t<figure>\n\t\t\t\t\t\t<img decoding=\"async\" src=\"https:\/\/apublica.org\/100\/wp-content\/uploads\/2020\/06\/admin-ajaxphp.png\"  alt=\"Beth Mcloughlin\"\/>\n\t\t\t\t\t<\/figure>\n\t\t\t\t\t<hgroup class=\"p-2\">\n\t\t\t\t\t\t<h2 class=\"h5 font-weight-bold\">Beth Mcloughlin<\/h2>\n\t\t\t\t\t\t<p class=\"small\">Tradu\u00e7\u00e3o<\/p>\n\t\t\t\t\t<\/hgroup>\n\t\t\t\t<\/div>\n\t\t\t<\/div>\n\t\t\n\t\t\t<div class=\"col-xs-12 col-sm-8 col-lg-8 col_sinp\">\n\t\t\t\t<div class=\"equi uni_3 bag4\">\n\t\t\t\t\t<figure>\n\t\t\t\t\t\t<img decoding=\"async\" src=\"https:\/\/apublica.org\/100\/wp-content\/uploads\/2020\/06\/admin-ajaxphp-4.png\"  alt=\"Alunos da ESPM\"\/>\n\t\t\t\t\t<\/figure>\n\t\t\t\t\t<hgroup class=\"p-2\">\n\t\t\t\t\t\t<h2 class=\"h5 font-weight-bold\">Alunos da ESPM<\/h2>\n\t\t\t\t\t\t<p class=\"small\">Reportagem<\/p>\n\t\t\t\t\t<\/hgroup>\n\t\t\t\t<\/div>\n\t\t\t<\/div>\n\t\t<\/div>\n","protected":false},"excerpt":{"rendered":"","protected":false},"author":1,"featured_media":0,"parent":0,"menu_order":0,"comment_status":"closed","ping_status":"closed","template":"","meta":{"_acf_changed":false,"footnotes":""},"coauthors":[],"class_list":["post-2842","page","type-page","status-publish","hentry"],"acf":{"introduction":"","byline":""},"yoast_head":"<!-- This site is optimized with the Yoast SEO plugin v27.4 - https:\/\/yoast.com\/product\/yoast-seo-wordpress\/ -->\n<title>A equipe - 100<\/title>\n<meta name=\"robots\" content=\"index, follow, max-snippet:-1, max-image-preview:large, max-video-preview:-1\" \/>\n<link rel=\"canonical\" href=\"https:\/\/apublica.org\/100\/pt\/a-equipe\/\" \/>\n<meta property=\"og:locale\" content=\"pt_BR\" \/>\n<meta property=\"og:type\" content=\"article\" \/>\n<meta property=\"og:title\" content=\"A equipe - 100\" \/>\n<meta property=\"og:url\" content=\"https:\/\/apublica.org\/100\/pt\/a-equipe\/\" \/>\n<meta property=\"og:site_name\" content=\"100\" \/>\n<meta property=\"article:modified_time\" content=\"2022-05-29T19:56:11+00:00\" \/>\n<meta name=\"twitter:card\" content=\"summary_large_image\" \/>\n<meta name=\"twitter:label1\" content=\"Est. tempo de leitura\" \/>\n\t<meta name=\"twitter:data1\" content=\"1 minuto\" \/>\n\t<meta name=\"twitter:label2\" content=\"Written by\" \/>\n\t<meta name=\"twitter:data2\" content=\"Babak\" \/>\n<script type=\"application\/ld+json\" class=\"yoast-schema-graph\">{\"@context\":\"https:\\\/\\\/schema.org\",\"@graph\":[{\"@type\":\"WebPage\",\"@id\":\"https:\\\/\\\/apublica.org\\\/100\\\/pt\\\/a-equipe\\\/\",\"url\":\"https:\\\/\\\/apublica.org\\\/100\\\/pt\\\/a-equipe\\\/\",\"name\":\"A equipe - 100\",\"isPartOf\":{\"@id\":\"https:\\\/\\\/apublica.org\\\/100\\\/#website\"},\"datePublished\":\"2020-06-15T21:34:16+00:00\",\"dateModified\":\"2022-05-29T19:56:11+00:00\",\"breadcrumb\":{\"@id\":\"https:\\\/\\\/apublica.org\\\/100\\\/pt\\\/a-equipe\\\/#breadcrumb\"},\"inLanguage\":\"pt-BR\",\"potentialAction\":[{\"@type\":\"ReadAction\",\"target\":[\"https:\\\/\\\/apublica.org\\\/100\\\/pt\\\/a-equipe\\\/\"]}]},{\"@type\":\"BreadcrumbList\",\"@id\":\"https:\\\/\\\/apublica.org\\\/100\\\/pt\\\/a-equipe\\\/#breadcrumb\",\"itemListElement\":[{\"@type\":\"ListItem\",\"position\":1,\"name\":\"In\u00edcio\",\"item\":\"https:\\\/\\\/apublica.org\\\/100.new\\\/\"},{\"@type\":\"ListItem\",\"position\":2,\"name\":\"A equipe\"}]},{\"@type\":\"WebSite\",\"@id\":\"https:\\\/\\\/apublica.org\\\/100\\\/#website\",\"url\":\"https:\\\/\\\/apublica.org\\\/100\\\/\",\"name\":\"100\",\"description\":\"100 hist\u00f3rias. 100 remo\u00e7\u00f5es. 100 casas destru\u00eddas pelos Jogos Ol\u00edmpicos 2016\",\"publisher\":{\"@id\":\"https:\\\/\\\/apublica.org\\\/100\\\/#organization\"},\"potentialAction\":[{\"@type\":\"SearchAction\",\"target\":{\"@type\":\"EntryPoint\",\"urlTemplate\":\"https:\\\/\\\/apublica.org\\\/100\\\/?s={search_term_string}\"},\"query-input\":{\"@type\":\"PropertyValueSpecification\",\"valueRequired\":true,\"valueName\":\"search_term_string\"}}],\"inLanguage\":\"pt-BR\"},{\"@type\":\"Organization\",\"@id\":\"https:\\\/\\\/apublica.org\\\/100\\\/#organization\",\"name\":\"100\",\"url\":\"https:\\\/\\\/apublica.org\\\/100\\\/\",\"logo\":{\"@type\":\"ImageObject\",\"inLanguage\":\"pt-BR\",\"@id\":\"https:\\\/\\\/apublica.org\\\/100\\\/#\\\/schema\\\/logo\\\/image\\\/\",\"url\":\"https:\\\/\\\/apublica.org\\\/100\\\/wp-content\\\/uploads\\\/2022\\\/06\\\/100.png\",\"contentUrl\":\"https:\\\/\\\/apublica.org\\\/100\\\/wp-content\\\/uploads\\\/2022\\\/06\\\/100.png\",\"width\":261,\"height\":135,\"caption\":\"100\"},\"image\":{\"@id\":\"https:\\\/\\\/apublica.org\\\/100\\\/#\\\/schema\\\/logo\\\/image\\\/\"}}]}<\/script>\n<!-- \/ Yoast SEO plugin. -->","yoast_head_json":{"title":"A equipe - 100","robots":{"index":"index","follow":"follow","max-snippet":"max-snippet:-1","max-image-preview":"max-image-preview:large","max-video-preview":"max-video-preview:-1"},"canonical":"https:\/\/apublica.org\/100\/pt\/a-equipe\/","og_locale":"pt_BR","og_type":"article","og_title":"A equipe - 100","og_url":"https:\/\/apublica.org\/100\/pt\/a-equipe\/","og_site_name":"100","article_modified_time":"2022-05-29T19:56:11+00:00","twitter_card":"summary_large_image","twitter_misc":{"Est. tempo de leitura":"1 minuto","Written by":"Babak"},"schema":{"@context":"https:\/\/schema.org","@graph":[{"@type":"WebPage","@id":"https:\/\/apublica.org\/100\/pt\/a-equipe\/","url":"https:\/\/apublica.org\/100\/pt\/a-equipe\/","name":"A equipe - 100","isPartOf":{"@id":"https:\/\/apublica.org\/100\/#website"},"datePublished":"2020-06-15T21:34:16+00:00","dateModified":"2022-05-29T19:56:11+00:00","breadcrumb":{"@id":"https:\/\/apublica.org\/100\/pt\/a-equipe\/#breadcrumb"},"inLanguage":"pt-BR","potentialAction":[{"@type":"ReadAction","target":["https:\/\/apublica.org\/100\/pt\/a-equipe\/"]}]},{"@type":"BreadcrumbList","@id":"https:\/\/apublica.org\/100\/pt\/a-equipe\/#breadcrumb","itemListElement":[{"@type":"ListItem","position":1,"name":"In\u00edcio","item":"https:\/\/apublica.org\/100.new\/"},{"@type":"ListItem","position":2,"name":"A equipe"}]},{"@type":"WebSite","@id":"https:\/\/apublica.org\/100\/#website","url":"https:\/\/apublica.org\/100\/","name":"100","description":"100 hist\u00f3rias. 100 remo\u00e7\u00f5es. 100 casas destru\u00eddas pelos Jogos Ol\u00edmpicos 2016","publisher":{"@id":"https:\/\/apublica.org\/100\/#organization"},"potentialAction":[{"@type":"SearchAction","target":{"@type":"EntryPoint","urlTemplate":"https:\/\/apublica.org\/100\/?s={search_term_string}"},"query-input":{"@type":"PropertyValueSpecification","valueRequired":true,"valueName":"search_term_string"}}],"inLanguage":"pt-BR"},{"@type":"Organization","@id":"https:\/\/apublica.org\/100\/#organization","name":"100","url":"https:\/\/apublica.org\/100\/","logo":{"@type":"ImageObject","inLanguage":"pt-BR","@id":"https:\/\/apublica.org\/100\/#\/schema\/logo\/image\/","url":"https:\/\/apublica.org\/100\/wp-content\/uploads\/2022\/06\/100.png","contentUrl":"https:\/\/apublica.org\/100\/wp-content\/uploads\/2022\/06\/100.png","width":261,"height":135,"caption":"100"},"image":{"@id":"https:\/\/apublica.org\/100\/#\/schema\/logo\/image\/"}}]}},"jetpack_sharing_enabled":true,"_links":{"self":[{"href":"https:\/\/apublica.org\/100\/wp-json\/wp\/v2\/pages\/2842","targetHints":{"allow":["GET"]}}],"collection":[{"href":"https:\/\/apublica.org\/100\/wp-json\/wp\/v2\/pages"}],"about":[{"href":"https:\/\/apublica.org\/100\/wp-json\/wp\/v2\/types\/page"}],"author":[{"embeddable":true,"href":"https:\/\/apublica.org\/100\/wp-json\/wp\/v2\/users\/1"}],"replies":[{"embeddable":true,"href":"https:\/\/apublica.org\/100\/wp-json\/wp\/v2\/comments?post=2842"}],"version-history":[{"count":1,"href":"https:\/\/apublica.org\/100\/wp-json\/wp\/v2\/pages\/2842\/revisions"}],"predecessor-version":[{"id":2872,"href":"https:\/\/apublica.org\/100\/wp-json\/wp\/v2\/pages\/2842\/revisions\/2872"}],"wp:attachment":[{"href":"https:\/\/apublica.org\/100\/wp-json\/wp\/v2\/media?parent=2842"}],"wp:term":[{"taxonomy":"author","embeddable":true,"href":"https:\/\/apublica.org\/100\/wp-json\/wp\/v2\/coauthors?post=2842"}],"curies":[{"name":"wp","href":"https:\/\/api.w.org\/{rel}","templated":true}]}}