{"version":"1.0","provider_name":"Os pedidos de impeachment de Bolsonaro","provider_url":"https:\/\/apublica.org\/impeachment-bolsonaro","title":"Este m\u00e9dico baiano aprendeu Direito para pedir o impeachment de Bolsonaro","type":"rich","width":600,"height":338,"html":"<blockquote class=\"wp-embedded-content\" data-secret=\"uJdmD8MOt1\"><a href=\"https:\/\/apublica.org\/impeachment-bolsonaro\/pedido-0004\/\">Pedido 004<\/a><\/blockquote><iframe sandbox=\"allow-scripts\" security=\"restricted\" src=\"https:\/\/apublica.org\/impeachment-bolsonaro\/pedido-0004\/embed\/#?secret=uJdmD8MOt1\" width=\"600\" height=\"338\" title=\"&#8220;Pedido 004&#8221; &#8212; Os pedidos de impeachment de Bolsonaro\" data-secret=\"uJdmD8MOt1\" frameborder=\"0\" marginwidth=\"0\" marginheight=\"0\" scrolling=\"no\" class=\"wp-embedded-content\"><\/iframe><script>\n\/*! This file is auto-generated *\/\n!function(d,l){\"use strict\";l.querySelector&&d.addEventListener&&\"undefined\"!=typeof URL&&(d.wp=d.wp||{},d.wp.receiveEmbedMessage||(d.wp.receiveEmbedMessage=function(e){var t=e.data;if((t||t.secret||t.message||t.value)&&!\/[^a-zA-Z0-9]\/.test(t.secret)){for(var s,r,n,a=l.querySelectorAll('iframe[data-secret=\"'+t.secret+'\"]'),o=l.querySelectorAll('blockquote[data-secret=\"'+t.secret+'\"]'),c=new RegExp(\"^https?:$\",\"i\"),i=0;i<o.length;i++)o[i].style.display=\"none\";for(i=0;i<a.length;i++)s=a[i],e.source===s.contentWindow&&(s.removeAttribute(\"style\"),\"height\"===t.message?(1e3<(r=parseInt(t.value,10))?r=1e3:~~r<200&&(r=200),s.height=r):\"link\"===t.message&&(r=new URL(s.getAttribute(\"src\")),n=new URL(t.value),c.test(n.protocol))&&n.host===r.host&&l.activeElement===s&&(d.top.location.href=t.value))}},d.addEventListener(\"message\",d.wp.receiveEmbedMessage,!1),l.addEventListener(\"DOMContentLoaded\",function(){for(var e,t,s=l.querySelectorAll(\"iframe.wp-embedded-content\"),r=0;r<s.length;r++)(t=(e=s[r]).getAttribute(\"data-secret\"))||(t=Math.random().toString(36).substring(2,12),e.src+=\"#?secret=\"+t,e.setAttribute(\"data-secret\",t)),e.contentWindow.postMessage({message:\"ready\",secret:t},\"*\")},!1)))}(window,document);\n\/\/# sourceURL=https:\/\/apublica.org\/impeachment-bolsonaro\/wp-includes\/js\/wp-embed.min.js\n<\/script>\n","thumbnail_url":"https:\/\/apublica.org\/impeachment-bolsonaro.new\/wp-content\/uploads\/2019\/08\/thumb-facebook-18.png","thumbnail_width":600,"thumbnail_height":336,"description":"O pedido de impeachment do presidente Jair Bolsonaro (sem partido), protocolado pelo m\u00e9dico baiano Diogo Machado Soares dos Reis em agosto de 2019, \u00e9 tamb\u00e9m assinado \u201csolidariamente\u201d pelos psic\u00f3logos Nat\u00e1lia Zaniboni Ferrari e Fernando Luiz do Nascimento.&nbsp; O texto relembra o epis\u00f3dio da suspens\u00e3o de repasses da Alemanha e da Noruega para o Fundo Amaz\u00f4nia,"}

Este médico baiano aprendeu Direito para pedir o impeachment de Bolsonaro

O pedido de impeachment do presidente Jair Bolsonaro (sem partido), protocolado pelo médico baiano Diogo Machado Soares dos Reis em agosto de 2019, é também assinado “solidariamente” pelos psicólogos Natália Zaniboni Ferrari e Fernando Luiz do Nascimento.&nbsp; O texto relembra o episódio da suspensão de repasses da Alemanha e da Noruega para o Fundo Amazônia,
