{"id":2742,"date":"2020-07-17T14:55:58","date_gmt":"2020-07-17T17:55:58","guid":{"rendered":"https:\/\/apublica.org\/impeachment-bolsonaro.new\/como-contamos-os-pedidos-de-impeachment\/"},"modified":"2020-07-17T14:55:58","modified_gmt":"2020-07-17T17:55:58","slug":"como-contamos-os-pedidos-de-impeachment","status":"publish","type":"page","link":"https:\/\/apublica.org\/impeachment-bolsonaro\/como-contamos-os-pedidos-de-impeachment\/","title":{"rendered":"Como contamos os pedidos de impeachment"},"content":{"rendered":"\n<p>Desde o in\u00edcio do mandato do presidente Jair Messias Bolsonaro, a C\u00e2mara dos Deputados recebeu 143 pedidos de impeachment incluindo os que aguardam an\u00e1lise, mas tamb\u00e9m alguns que foram protocolados duplicados, aditamentos e outros que foram recusados, desconsiderados ou arquivados por falta dos elementos t\u00e9cnicos ou retirados pelos propositores.  <\/p>\n\n\n\n<p>A ferramenta considera todos esses tipos na contagem e identifica cada um deles. &nbsp;<\/p>\n\n\n\n<figure class=\"wp-block-image size-full\"><img data-recalc-dims=\"1\" loading=\"lazy\" decoding=\"async\" width=\"640\" height=\"334\" src=\"https:\/\/i0.wp.com\/apublica.org\/impeachment-bolsonaro.new\/wp-content\/uploads\/2021\/12\/info-impeachment-13-12-2021.jpg?resize=640%2C334&#038;ssl=1\" alt=\"\" class=\"wp-image-2676\" srcset=\"https:\/\/i0.wp.com\/apublica.org\/impeachment-bolsonaro\/wp-content\/uploads\/2021\/12\/info-impeachment-13-12-2021.jpg?w=771&amp;ssl=1 771w, https:\/\/i0.wp.com\/apublica.org\/impeachment-bolsonaro\/wp-content\/uploads\/2021\/12\/info-impeachment-13-12-2021.jpg?resize=300%2C156&amp;ssl=1 300w, https:\/\/i0.wp.com\/apublica.org\/impeachment-bolsonaro\/wp-content\/uploads\/2021\/12\/info-impeachment-13-12-2021.jpg?resize=768%2C400&amp;ssl=1 768w\" sizes=\"auto, (max-width: 640px) 100vw, 640px\" \/><\/figure>\n","protected":false},"excerpt":{"rendered":"<p>Desde o in\u00edcio do mandato do presidente Jair Messias Bolsonaro, a C\u00e2mara dos Deputados recebeu 143 pedidos de impeachment incluindo os que aguardam an\u00e1lise, mas tamb\u00e9m alguns que foram protocolados duplicados, aditamentos e outros que foram recusados, desconsiderados ou arquivados por falta dos elementos t\u00e9cnicos ou retirados pelos propositores. A ferramenta considera todos esses tipos<\/p>\n","protected":false},"author":25,"featured_media":2676,"parent":0,"menu_order":0,"comment_status":"closed","ping_status":"closed","template":"","meta":{"_acf_changed":false,"footnotes":""},"coauthors":[],"class_list":["post-2742","page","type-page","status-publish","has-post-thumbnail","hentry"],"acf":[],"yoast_head":"<!-- This site is optimized with the Yoast SEO plugin v27.3 - https:\/\/yoast.com\/product\/yoast-seo-wordpress\/ -->\n<title>Como contamos os pedidos de impeachment - Os pedidos de impeachment de Bolsonaro<\/title>\n<meta name=\"robots\" content=\"index, follow, max-snippet:-1, max-image-preview:large, max-video-preview:-1\" \/>\n<link rel=\"canonical\" href=\"https:\/\/apublica.org\/impeachment-bolsonaro\/como-contamos-os-pedidos-de-impeachment\/\" \/>\n<meta property=\"og:locale\" content=\"pt_BR\" \/>\n<meta property=\"og:type\" content=\"article\" \/>\n<meta property=\"og:title\" content=\"Como contamos os pedidos de impeachment - Os pedidos de impeachment de Bolsonaro\" \/>\n<meta property=\"og:description\" content=\"Desde o in\u00edcio do mandato do presidente Jair Messias Bolsonaro, a C\u00e2mara dos Deputados recebeu 143 pedidos de impeachment incluindo os que aguardam an\u00e1lise, mas tamb\u00e9m alguns que foram protocolados duplicados, aditamentos e outros que foram recusados, desconsiderados ou arquivados por falta dos elementos t\u00e9cnicos ou retirados pelos propositores. A ferramenta considera todos esses tipos\" \/>\n<meta property=\"og:url\" content=\"https:\/\/apublica.org\/impeachment-bolsonaro\/como-contamos-os-pedidos-de-impeachment\/\" \/>\n<meta property=\"og:site_name\" content=\"Os pedidos de impeachment de Bolsonaro\" \/>\n<meta property=\"og:image\" content=\"https:\/\/apublica.org\/impeachment-bolsonaro\/wp-content\/uploads\/2021\/12\/info-impeachment-13-12-2021.jpg\" \/>\n\t<meta property=\"og:image:width\" content=\"771\" \/>\n\t<meta property=\"og:image:height\" content=\"402\" \/>\n\t<meta property=\"og:image:type\" content=\"image\/jpeg\" \/>\n<meta name=\"twitter:card\" content=\"summary_large_image\" \/>\n<meta name=\"twitter:label1\" content=\"Written by\" \/>\n\t<meta name=\"twitter:data1\" content=\"Raphaela Ribeiro\" \/>\n<script type=\"application\/ld+json\" class=\"yoast-schema-graph\">{\"@context\":\"https:\\\/\\\/schema.org\",\"@graph\":[{\"@type\":\"WebPage\",\"@id\":\"https:\\\/\\\/apublica.org\\\/impeachment-bolsonaro\\\/como-contamos-os-pedidos-de-impeachment\\\/\",\"url\":\"https:\\\/\\\/apublica.org\\\/impeachment-bolsonaro\\\/como-contamos-os-pedidos-de-impeachment\\\/\",\"name\":\"Como contamos os pedidos de impeachment - Os pedidos de impeachment de Bolsonaro\",\"isPartOf\":{\"@id\":\"https:\\\/\\\/apublica.org\\\/impeachment-bolsonaro\\\/#website\"},\"primaryImageOfPage\":{\"@id\":\"https:\\\/\\\/apublica.org\\\/impeachment-bolsonaro\\\/como-contamos-os-pedidos-de-impeachment\\\/#primaryimage\"},\"image\":{\"@id\":\"https:\\\/\\\/apublica.org\\\/impeachment-bolsonaro\\\/como-contamos-os-pedidos-de-impeachment\\\/#primaryimage\"},\"thumbnailUrl\":\"https:\\\/\\\/i0.wp.com\\\/apublica.org\\\/impeachment-bolsonaro\\\/wp-content\\\/uploads\\\/2021\\\/12\\\/info-impeachment-13-12-2021.jpg?fit=771%2C402&ssl=1\",\"datePublished\":\"2020-07-17T17:55:58+00:00\",\"breadcrumb\":{\"@id\":\"https:\\\/\\\/apublica.org\\\/impeachment-bolsonaro\\\/como-contamos-os-pedidos-de-impeachment\\\/#breadcrumb\"},\"inLanguage\":\"pt-BR\",\"potentialAction\":[{\"@type\":\"ReadAction\",\"target\":[\"https:\\\/\\\/apublica.org\\\/impeachment-bolsonaro\\\/como-contamos-os-pedidos-de-impeachment\\\/\"]}]},{\"@type\":\"ImageObject\",\"inLanguage\":\"pt-BR\",\"@id\":\"https:\\\/\\\/apublica.org\\\/impeachment-bolsonaro\\\/como-contamos-os-pedidos-de-impeachment\\\/#primaryimage\",\"url\":\"https:\\\/\\\/i0.wp.com\\\/apublica.org\\\/impeachment-bolsonaro\\\/wp-content\\\/uploads\\\/2021\\\/12\\\/info-impeachment-13-12-2021.jpg?fit=771%2C402&ssl=1\",\"contentUrl\":\"https:\\\/\\\/i0.wp.com\\\/apublica.org\\\/impeachment-bolsonaro\\\/wp-content\\\/uploads\\\/2021\\\/12\\\/info-impeachment-13-12-2021.jpg?fit=771%2C402&ssl=1\",\"width\":771,\"height\":402},{\"@type\":\"BreadcrumbList\",\"@id\":\"https:\\\/\\\/apublica.org\\\/impeachment-bolsonaro\\\/como-contamos-os-pedidos-de-impeachment\\\/#breadcrumb\",\"itemListElement\":[{\"@type\":\"ListItem\",\"position\":1,\"name\":\"In\u00edcio\",\"item\":\"https:\\\/\\\/apublica.org\\\/impeachment-bolsonaro\\\/\"},{\"@type\":\"ListItem\",\"position\":2,\"name\":\"Como contamos os pedidos de impeachment\"}]},{\"@type\":\"WebSite\",\"@id\":\"https:\\\/\\\/apublica.org\\\/impeachment-bolsonaro\\\/#website\",\"url\":\"https:\\\/\\\/apublica.org\\\/impeachment-bolsonaro\\\/\",\"name\":\"Os pedidos de impeachment de Bolsonaro\",\"description\":\"\",\"potentialAction\":[{\"@type\":\"SearchAction\",\"target\":{\"@type\":\"EntryPoint\",\"urlTemplate\":\"https:\\\/\\\/apublica.org\\\/impeachment-bolsonaro\\\/?s={search_term_string}\"},\"query-input\":{\"@type\":\"PropertyValueSpecification\",\"valueRequired\":true,\"valueName\":\"search_term_string\"}}],\"inLanguage\":\"pt-BR\"}]}<\/script>\n<!-- \/ Yoast SEO plugin. -->","yoast_head_json":{"title":"Como contamos os pedidos de impeachment - Os pedidos de impeachment de Bolsonaro","robots":{"index":"index","follow":"follow","max-snippet":"max-snippet:-1","max-image-preview":"max-image-preview:large","max-video-preview":"max-video-preview:-1"},"canonical":"https:\/\/apublica.org\/impeachment-bolsonaro\/como-contamos-os-pedidos-de-impeachment\/","og_locale":"pt_BR","og_type":"article","og_title":"Como contamos os pedidos de impeachment - Os pedidos de impeachment de Bolsonaro","og_description":"Desde o in\u00edcio do mandato do presidente Jair Messias Bolsonaro, a C\u00e2mara dos Deputados recebeu 143 pedidos de impeachment incluindo os que aguardam an\u00e1lise, mas tamb\u00e9m alguns que foram protocolados duplicados, aditamentos e outros que foram recusados, desconsiderados ou arquivados por falta dos elementos t\u00e9cnicos ou retirados pelos propositores. A ferramenta considera todos esses tipos","og_url":"https:\/\/apublica.org\/impeachment-bolsonaro\/como-contamos-os-pedidos-de-impeachment\/","og_site_name":"Os pedidos de impeachment de Bolsonaro","og_image":[{"width":771,"height":402,"url":"https:\/\/apublica.org\/impeachment-bolsonaro\/wp-content\/uploads\/2021\/12\/info-impeachment-13-12-2021.jpg","type":"image\/jpeg"}],"twitter_card":"summary_large_image","twitter_misc":{"Written by":"Raphaela Ribeiro"},"schema":{"@context":"https:\/\/schema.org","@graph":[{"@type":"WebPage","@id":"https:\/\/apublica.org\/impeachment-bolsonaro\/como-contamos-os-pedidos-de-impeachment\/","url":"https:\/\/apublica.org\/impeachment-bolsonaro\/como-contamos-os-pedidos-de-impeachment\/","name":"Como contamos os pedidos de impeachment - Os pedidos de impeachment de Bolsonaro","isPartOf":{"@id":"https:\/\/apublica.org\/impeachment-bolsonaro\/#website"},"primaryImageOfPage":{"@id":"https:\/\/apublica.org\/impeachment-bolsonaro\/como-contamos-os-pedidos-de-impeachment\/#primaryimage"},"image":{"@id":"https:\/\/apublica.org\/impeachment-bolsonaro\/como-contamos-os-pedidos-de-impeachment\/#primaryimage"},"thumbnailUrl":"https:\/\/i0.wp.com\/apublica.org\/impeachment-bolsonaro\/wp-content\/uploads\/2021\/12\/info-impeachment-13-12-2021.jpg?fit=771%2C402&ssl=1","datePublished":"2020-07-17T17:55:58+00:00","breadcrumb":{"@id":"https:\/\/apublica.org\/impeachment-bolsonaro\/como-contamos-os-pedidos-de-impeachment\/#breadcrumb"},"inLanguage":"pt-BR","potentialAction":[{"@type":"ReadAction","target":["https:\/\/apublica.org\/impeachment-bolsonaro\/como-contamos-os-pedidos-de-impeachment\/"]}]},{"@type":"ImageObject","inLanguage":"pt-BR","@id":"https:\/\/apublica.org\/impeachment-bolsonaro\/como-contamos-os-pedidos-de-impeachment\/#primaryimage","url":"https:\/\/i0.wp.com\/apublica.org\/impeachment-bolsonaro\/wp-content\/uploads\/2021\/12\/info-impeachment-13-12-2021.jpg?fit=771%2C402&ssl=1","contentUrl":"https:\/\/i0.wp.com\/apublica.org\/impeachment-bolsonaro\/wp-content\/uploads\/2021\/12\/info-impeachment-13-12-2021.jpg?fit=771%2C402&ssl=1","width":771,"height":402},{"@type":"BreadcrumbList","@id":"https:\/\/apublica.org\/impeachment-bolsonaro\/como-contamos-os-pedidos-de-impeachment\/#breadcrumb","itemListElement":[{"@type":"ListItem","position":1,"name":"In\u00edcio","item":"https:\/\/apublica.org\/impeachment-bolsonaro\/"},{"@type":"ListItem","position":2,"name":"Como contamos os pedidos de impeachment"}]},{"@type":"WebSite","@id":"https:\/\/apublica.org\/impeachment-bolsonaro\/#website","url":"https:\/\/apublica.org\/impeachment-bolsonaro\/","name":"Os pedidos de impeachment de Bolsonaro","description":"","potentialAction":[{"@type":"SearchAction","target":{"@type":"EntryPoint","urlTemplate":"https:\/\/apublica.org\/impeachment-bolsonaro\/?s={search_term_string}"},"query-input":{"@type":"PropertyValueSpecification","valueRequired":true,"valueName":"search_term_string"}}],"inLanguage":"pt-BR"}]}},"jetpack_sharing_enabled":true,"_links":{"self":[{"href":"https:\/\/apublica.org\/impeachment-bolsonaro\/wp-json\/wp\/v2\/pages\/2742","targetHints":{"allow":["GET"]}}],"collection":[{"href":"https:\/\/apublica.org\/impeachment-bolsonaro\/wp-json\/wp\/v2\/pages"}],"about":[{"href":"https:\/\/apublica.org\/impeachment-bolsonaro\/wp-json\/wp\/v2\/types\/page"}],"author":[{"embeddable":true,"href":"https:\/\/apublica.org\/impeachment-bolsonaro\/wp-json\/wp\/v2\/users\/25"}],"replies":[{"embeddable":true,"href":"https:\/\/apublica.org\/impeachment-bolsonaro\/wp-json\/wp\/v2\/comments?post=2742"}],"version-history":[{"count":0,"href":"https:\/\/apublica.org\/impeachment-bolsonaro\/wp-json\/wp\/v2\/pages\/2742\/revisions"}],"wp:featuredmedia":[{"embeddable":true,"href":"https:\/\/apublica.org\/impeachment-bolsonaro\/wp-json\/wp\/v2\/media\/2676"}],"wp:attachment":[{"href":"https:\/\/apublica.org\/impeachment-bolsonaro\/wp-json\/wp\/v2\/media?parent=2742"}],"wp:term":[{"taxonomy":"author","embeddable":true,"href":"https:\/\/apublica.org\/impeachment-bolsonaro\/wp-json\/wp\/v2\/coauthors?post=2742"}],"curies":[{"name":"wp","href":"https:\/\/api.w.org\/{rel}","templated":true}]}}