{"id":31,"date":"2022-05-22T10:37:13","date_gmt":"2022-05-22T13:37:13","guid":{"rendered":"https:\/\/apublica.org\/mapa-do-jornalismo.new\/sobre\/"},"modified":"2022-05-22T16:10:40","modified_gmt":"2022-05-22T19:10:40","slug":"sobre","status":"publish","type":"page","link":"https:\/\/apublica.org\/mapa-do-jornalismo\/sobre\/","title":{"rendered":"Sobre"},"content":{"rendered":"<p>A ideia \u00e9 ambiciosa, mas cada vez mais necess\u00e1ria neste momento de ruptura e renascimento que o jornalismo vive: mapear as iniciativas independentes no Brasil. Neste \u201cmapa\u201d interativo, selecionamos aquelas que nasceram na rede, fruto de projetos coletivos e n\u00e3o ligados a grandes grupos de m\u00eddia, pol\u00edticos, organiza\u00e7\u00f5es ou empresas.<\/p>\n<p>Blogs n\u00e3o entraram porque geralmente s\u00e3o iniciativas individuais, com tom pessoal, n\u00e3o necessariamente jornal\u00edstico, e sem a pretens\u00e3o de se tornarem ve\u00edculos autossustent\u00e1veis, uma das marcas desta gera\u00e7\u00e3o que est\u00e1 surgindo no jornalismo nacional.<\/p>\n<p>Sim, sabemos que deixamos um monte de gente bacana de fora, mas era urgente ter crit\u00e9rios claros que nos guiassem nessa empreitada. Assim, a lista \u00e9 apenas inicial, mas feita com cuidado: traz um panorama colorido, inovador e esperan\u00e7oso.<\/p>\n<p>E n\u00e3o est\u00e1 fechada: queremos que ela aumente a cada dia com sugest\u00f5es de voc\u00eas! Mandem novos nomes, novas ideias. Este \u00e9 s\u00f3 o come\u00e7o de uma constru\u00e7\u00e3o conjunta! O debate est\u00e1 aberto. N\u00e3o concorda com algum nome da nossa lista? Sabe de alguma coisa que a gente n\u00e3o sabe? Solte o verbo. Vamos junt@s.<\/p>\n<p>Coordena\u00e7\u00e3o: Andrea Dip<\/p>\n<p>Pesquisa: Marina Dias e Tiago Aguiar<\/p>\n","protected":false},"excerpt":{"rendered":"<p>A ideia \u00e9 ambiciosa, mas cada vez mais necess\u00e1ria neste momento de ruptura e renascimento que o jornalismo vive: mapear as iniciativas independentes no Brasil. Neste \u201cmapa\u201d interativo, selecionamos aquelas que nasceram na rede, fruto de projetos coletivos e n\u00e3o ligados a grandes grupos de m\u00eddia, pol\u00edticos, organiza\u00e7\u00f5es ou empresas. Blogs n\u00e3o entraram porque geralmente [&hellip;]<\/p>\n","protected":false},"author":1,"featured_media":0,"parent":0,"menu_order":0,"comment_status":"closed","ping_status":"open","template":"","meta":{"_acf_changed":false,"footnotes":""},"coauthors":[],"class_list":["post-31","page","type-page","status-publish","hentry"],"acf":[],"jetpack_sharing_enabled":true,"_links":{"self":[{"href":"https:\/\/apublica.org\/mapa-do-jornalismo\/wp-json\/wp\/v2\/pages\/31","targetHints":{"allow":["GET"]}}],"collection":[{"href":"https:\/\/apublica.org\/mapa-do-jornalismo\/wp-json\/wp\/v2\/pages"}],"about":[{"href":"https:\/\/apublica.org\/mapa-do-jornalismo\/wp-json\/wp\/v2\/types\/page"}],"author":[{"embeddable":true,"href":"https:\/\/apublica.org\/mapa-do-jornalismo\/wp-json\/wp\/v2\/users\/1"}],"replies":[{"embeddable":true,"href":"https:\/\/apublica.org\/mapa-do-jornalismo\/wp-json\/wp\/v2\/comments?post=31"}],"version-history":[{"count":1,"href":"https:\/\/apublica.org\/mapa-do-jornalismo\/wp-json\/wp\/v2\/pages\/31\/revisions"}],"predecessor-version":[{"id":692,"href":"https:\/\/apublica.org\/mapa-do-jornalismo\/wp-json\/wp\/v2\/pages\/31\/revisions\/692"}],"wp:attachment":[{"href":"https:\/\/apublica.org\/mapa-do-jornalismo\/wp-json\/wp\/v2\/media?parent=31"}],"wp:term":[{"taxonomy":"author","embeddable":true,"href":"https:\/\/apublica.org\/mapa-do-jornalismo\/wp-json\/wp\/v2\/coauthors?post=31"}],"curies":[{"name":"wp","href":"https:\/\/api.w.org\/{rel}","templated":true}]}}

<p>A ideia é ambiciosa, mas cada vez mais necessária neste momento de ruptura e renascimento que o jornalismo vive: mapear as iniciativas independentes no Brasil. Neste “mapa” interativo, selecionamos aquelas que nasceram na rede, fruto de projetos coletivos e não ligados a grandes grupos de mídia, políticos, organizações ou empresas.</p>
<p>Blogs não entraram porque geralmente são iniciativas individuais, com tom pessoal, não necessariamente jornalístico, e sem a pretensão de se tornarem veículos autossustentáveis, uma das marcas desta geração que está surgindo no jornalismo nacional.</p>
<p>Sim, sabemos que deixamos um monte de gente bacana de fora, mas era urgente ter critérios claros que nos guiassem nessa empreitada. Assim, a lista é apenas inicial, mas feita com cuidado: traz um panorama colorido, inovador e esperançoso.</p>
<p>E não está fechada: queremos que ela aumente a cada dia com sugestões de vocês! Mandem novos nomes, novas ideias. Este é só o começo de uma construção conjunta! O debate está aberto. Não concorda com algum nome da nossa lista? Sabe de alguma coisa que a gente não sabe? Solte o verbo. Vamos junt@s.</p>
<p>Coordenação: Andrea Dip</p>
<p>Pesquisa: Marina Dias e Tiago Aguiar</p>

<p>A ideia é ambiciosa, mas cada vez mais necessária neste momento de ruptura e renascimento que o jornalismo vive: mapear as iniciativas independentes no Brasil. Neste “mapa” interativo, selecionamos aquelas que nasceram na rede, fruto de projetos coletivos e não ligados a grandes grupos de mídia, políticos, organizações ou empresas. Blogs não entraram porque geralmente [&hellip;]</p>
