{"id":101,"date":"2016-01-24T21:40:15","date_gmt":"2016-01-24T23:40:15","guid":{"rendered":"https:\/\/apublica.org\/tvsdaamazonia.new\/index.php\/bastidores\/"},"modified":"2022-09-06T17:41:06","modified_gmt":"2022-09-06T20:41:06","slug":"bastidores","status":"publish","type":"page","link":"https:\/\/apublica.org\/tvsdaamazonia\/bastidores\/","title":{"rendered":"Bastidores"},"content":{"rendered":"\n<figure class=\"wp-block-embed is-type-video is-provider-youtube wp-block-embed-youtube wp-embed-aspect-16-9 wp-has-aspect-ratio\"><div class=\"wp-block-embed__wrapper\">\n<div class=\"jetpack-video-wrapper\"><span class=\"embed-youtube\" style=\"text-align:center; display: block;\"><iframe loading=\"lazy\" class=\"youtube-player\" width=\"640\" height=\"360\" src=\"https:\/\/www.youtube.com\/embed\/pbqH4IrRu5c?version=3&#038;rel=1&#038;showsearch=0&#038;showinfo=1&#038;iv_load_policy=1&#038;fs=1&#038;hl=pt-BR&#038;autohide=2&#038;wmode=transparent\" allowfullscreen=\"true\" style=\"border:0;\" sandbox=\"allow-scripts allow-same-origin allow-popups allow-presentation allow-popups-to-escape-sandbox\"><\/iframe><\/span><\/div>\n<\/div><\/figure>\n\n\n\n<p><strong>EXPEDIENTE<\/strong><\/p>\n\n\n\n<p><strong>Texto, fotos e elabora\u00e7\u00e3o do projeto:<\/strong> Elvira Lobato<\/p>\n\n\n\n<p><strong>Revis\u00e3o:<\/strong> Claudia Antunes<\/p>\n\n\n\n<p><strong>Projeto multim\u00eddia:<\/strong> <a href=\"http:\/\/babakfakhamzadeh.com\">Babak Fakhamzadeh<\/a> e Natalia Viana<\/p>\n\n\n\n<p><strong>Edi\u00e7\u00e3o de arte e desenvolvimento:<\/strong> <a href=\"http:\/\/babakfakhamzadeh.com\">Babak Fakhamzadeh<\/a><\/p>\n\n\n\n<p><strong>Filmagem e edi\u00e7\u00e3o do v\u00eddeo:<\/strong> Jos\u00e9 C\u00edcero da Silva<\/p>\n\n\n\n<p><strong>Anima\u00e7\u00e3o:<\/strong> Bruno Fonseca<\/p>\n\n\n\n<p><strong>Fotografias adicionais:<\/strong>&nbsp;Rafael Ara\u00fajo, Ag\u00eancia P\u00fablica, Natalia Viana, Jeremy Bigwood, EBC,&nbsp;Midia&nbsp;Ninja, Simi\u00e3o Castro, Edilson Rodrigues, Ag\u00eancia Brasil, Ag\u00eancia Assembleia, Ag\u00eancia Senado, Jos\u00e9 Cruz, Valter Campanato, joaofilho.com, djalmarodrigues.com.br.<\/p>\n\n\n\n<p><strong>AGRADECIMENTOS:<\/strong><\/p>\n\n\n\n<p>Aos jornalistas da Amaz\u00f4nia que expuseram suas emo\u00e7\u00f5es e suas hist\u00f3rias para este trabalho;<\/p>\n\n\n\n<p>A Geraldo Francisco Ara\u00fajo, &nbsp;meu irm\u00e3o, veterin\u00e1rio e professor, companheiro de aventura e motorista volunt\u00e1rio na expedi\u00e7\u00e3o ao Tocantins e Par\u00e1;<\/p>\n\n\n\n<p>A Ivone Gon\u00e7alves, minha cunhada, incans\u00e1vel na fun\u00e7\u00e3o de copiloto na expedi\u00e7\u00e3o ao Tocantins e Par\u00e1;<\/p>\n\n\n\n<p>A Marcelo Beraba, meu companheiro, pelo apoio e incentivo;<\/p>\n\n\n\n<p>A Cec\u00edlia Lobato Beraba, minha filha, estudante de m\u00fasica, tamb\u00e9m integrante da&nbsp; expedi\u00e7\u00e3o ao Maranh\u00e3o;<\/p>\n\n\n\n<p>Ao jornalista Paulo Totti que fez a leitura preliminar do texto;<\/p>\n\n\n\n<p>A Suzy Santos, professora de doutorado da Escola de Comunica\u00e7\u00e3o que acompanhou e apoiou o projeto;<\/p>\n\n\n\n<p>A Janaine Aires, doutoranda da UFRJ, que integrou a expedi\u00e7\u00e3o ao Maranh\u00e3o<\/p>\n\n\n\n<p>E a&nbsp;Graciela Selaimen, diretora &nbsp;da Funda\u00e7\u00e3o Ford no Brasil, sem cujo apoio pessoal este projeto n\u00e3o teria sido viabilizado.<\/p>\n\n\n\n<h2 class=\"wp-block-heading\">APOIO \u00c0 PESQUISA<\/h2>\n\n\n<div class=\"wp-block-image\">\n<figure class=\"aligncenter size-full\"><img loading=\"lazy\" decoding=\"async\" width=\"250\" height=\"51\" src=\"https:\/\/apublica.org\/tvsdaamazonia\/wp-content\/uploads\/site\/\/3\/ford-resized.png\" alt=\"\" class=\"wp-image-99\"\/><\/figure>\n<\/div>\n\n<div class=\"wp-block-image\">\n<figure class=\"aligncenter size-large\"><img decoding=\"async\" src=\"https:\/\/apublica.org\/tvsdaamazonia.new\/wp-content\/uploads\/site\/\/3\/peic-resized.png\" alt=\"peic-resized\"\/><\/figure>\n<\/div>","protected":false},"excerpt":{"rendered":"<p>EXPEDIENTE Texto, fotos e elabora\u00e7\u00e3o do projeto: Elvira Lobato Revis\u00e3o: Claudia Antunes Projeto multim\u00eddia: Babak Fakhamzadeh e Natalia Viana Edi\u00e7\u00e3o de arte e desenvolvimento: Babak Fakhamzadeh Filmagem e edi\u00e7\u00e3o do v\u00eddeo: Jos\u00e9 C\u00edcero da Silva Anima\u00e7\u00e3o: Bruno Fonseca Fotografias adicionais:&nbsp;Rafael Ara\u00fajo, Ag\u00eancia P\u00fablica, Natalia Viana, Jeremy Bigwood, EBC,&nbsp;Midia&nbsp;Ninja, Simi\u00e3o Castro, Edilson Rodrigues, Ag\u00eancia Brasil, Ag\u00eancia [&hellip;]<\/p>\n","protected":false},"author":1,"featured_media":0,"parent":0,"menu_order":70,"comment_status":"closed","ping_status":"closed","template":"","meta":{"_acf_changed":false,"footnotes":""},"coauthors":[3],"class_list":["post-101","page","type-page","status-publish","hentry"],"acf":[],"jetpack_sharing_enabled":true,"_links":{"self":[{"href":"https:\/\/apublica.org\/tvsdaamazonia\/wp-json\/wp\/v2\/pages\/101","targetHints":{"allow":["GET"]}}],"collection":[{"href":"https:\/\/apublica.org\/tvsdaamazonia\/wp-json\/wp\/v2\/pages"}],"about":[{"href":"https:\/\/apublica.org\/tvsdaamazonia\/wp-json\/wp\/v2\/types\/page"}],"author":[{"embeddable":true,"href":"https:\/\/apublica.org\/tvsdaamazonia\/wp-json\/wp\/v2\/users\/1"}],"replies":[{"embeddable":true,"href":"https:\/\/apublica.org\/tvsdaamazonia\/wp-json\/wp\/v2\/comments?post=101"}],"version-history":[{"count":4,"href":"https:\/\/apublica.org\/tvsdaamazonia\/wp-json\/wp\/v2\/pages\/101\/revisions"}],"predecessor-version":[{"id":206,"href":"https:\/\/apublica.org\/tvsdaamazonia\/wp-json\/wp\/v2\/pages\/101\/revisions\/206"}],"wp:attachment":[{"href":"https:\/\/apublica.org\/tvsdaamazonia\/wp-json\/wp\/v2\/media?parent=101"}],"wp:term":[{"taxonomy":"author","embeddable":true,"href":"https:\/\/apublica.org\/tvsdaamazonia\/wp-json\/wp\/v2\/coauthors?post=101"}],"curies":[{"name":"wp","href":"https:\/\/api.w.org\/{rel}","templated":true}]}}