{"id":42,"date":"2016-01-15T16:16:01","date_gmt":"2016-01-15T18:16:01","guid":{"rendered":"https:\/\/apublica.org\/tvsdaamazonia.new\/index.php\/viagem-ao-tocantins-e-para\/"},"modified":"2022-09-05T17:42:21","modified_gmt":"2022-09-05T20:42:21","slug":"viagem-ao-tocantins-e-para","status":"publish","type":"page","link":"https:\/\/apublica.org\/tvsdaamazonia\/viagem-ao-tocantins-e-para\/","title":{"rendered":"Viagem ao Tocantins e Par\u00e1"},"content":{"rendered":"<p>A expedi\u00e7\u00e3o a Tocantins e Par\u00e1 come\u00e7ou em Belo Horizonte, na madrugada de 30 de maio de 2015, e terminou em Bel\u00e9m, ao entardecer de 9 de junho. Foram percorridos cerca de 4 mil quil\u00f4metros de estradas.<\/p>\n<p>Meus companheiros de viagem foram o veterin\u00e1rio e professor aposentado da UFMG Geraldo Francisco Ara\u00fajo, meu irm\u00e3o, e sua mulher Ivone, que participaram da aventura como volunt\u00e1rios, n\u00e3o remunerados.<\/p>\n<p>Entramos em Tocantins pela BR 242, conhecida como \u201cRodovia da Soja\u201d, que corta o Estado da Bahia de leste a oeste at\u00e9 o rico munic\u00edpio de Luiz Eduardo Magalh\u00e3es.<\/p>\n<p>A impress\u00e3o em longos trechos da viagem \u00e9 de um mar verde de soja, sorgo, milho e milheto que avan\u00e7a pela Bahia, Tocantins, Par\u00e1, Maranh\u00e3o e Piau\u00ed. Esse mar verde \u00e9 conhecido por Matopiba, jun\u00e7\u00e3o das siglas dos cinco estados.<\/p>\n<p>Na primeira parada em Tocantins, em Dian\u00f3polis, assaltantes armados tinham acabado de roubar duas picapes \u2013&nbsp;iguais \u00e0 que us\u00e1vamos \u2013 na rodovia estadual 040, a poucos quil\u00f4metros da cidade, e o clima na regi\u00e3o era de medo.<\/p>\n<p>Com a estrada esburacada, os motoristas s\u00e3o obrigados a reduzir a velocidade, e ficam vulner\u00e1veis \u00e0 a\u00e7\u00e3o de bandos que visam especialmente as picapes. O trecho de Dian\u00f3polis a Porto Nacional foi percorrido sob tens\u00e3o.<\/p>\n<p>A seguran\u00e7a voltou a nos preocupar no sul do Par\u00e1, entre Xinguara e Cana\u00e3 dos Caraj\u00e1s (por causa do longo trecho sem asfalto) e entre Parauapebas e Marab\u00e1, onde tamb\u00e9m s\u00e3o frequentes os assaltos \u00e0 noite.<\/p>\n<p>Do ponto de vista pessoal, foi grande a emo\u00e7\u00e3o dos encontros com os rios Tocantins, Araguaia e Moju e a tristeza por mais uma vez constatar o desmatamento das florestas.<\/p>\n<p>No sul do Par\u00e1, fazendas de gado substitu\u00edram a mata nativa. Nas margens das estradas, at\u00e9 onde a vista alcan\u00e7a, h\u00e1 poucas castanheiras de p\u00e9, como testemunhas da natureza que um dia existiu ali. Acompanhe a nossa viagem clicando no mapa abaixo:<\/p>\n\n\n<div class='mapListItem'>\n\t<div class='summary'>\n\t\t<div class='staticMap staticMap2' style='background-image: url(https:\/\/maps.googleapis.com\/maps\/api\/staticmap?scale=2&zoom=8&size=240x240&maptype=roadmap&markers=color:blue%7C-11.6244361,-46.8202067&key=AIzaSyDTCppVt5h8lmAEWzURKoLHz7GseMcLDSE);'><a href='https:\/\/apublica.org\/tvsdaamazonia\/dianopolis-porto-nacional-e-palmas\/'><\/a><\/div>\n\n\t\t<h3>Dian\u00f3polis, Porto Nacional e Palmas<\/h3>\n\n\t\t<div class='staticMap staticMap1' style='background-image: url(https:\/\/maps.googleapis.com\/maps\/api\/staticmap?scale=2&zoom=8&size=1200x600&maptype=roadmap&markers=color:blue%7C-11.6244361,-46.8202067&key=AIzaSyDTCppVt5h8lmAEWzURKoLHz7GseMcLDSE);'><a href='https:\/\/apublica.org\/tvsdaamazonia\/dianopolis-porto-nacional-e-palmas\/'><\/a><\/div>\n\n\t\t<p>Em mar\u00e7o de 2009, quando inaugurou a TV Anhanguera de Palmas, afiliada da Globo, F\u00e1tima Roriz, diretora do Grupo Jaime C\u00e2mara, comparou a troca de status de retransmissora para geradora a passar de filial para matriz. Se a TV fosse um im\u00f3vel, disse ela, a concess\u00e3o seria a escritura.<\/p>\n\t\t<p class='more'><a href='https:\/\/apublica.org\/tvsdaamazonia\/dianopolis-porto-nacional-e-palmas\/'>Mais...<\/a>\n\t<\/div>\n<\/div>\n<div><\/div>\n\n<div class='mapListItem'>\n\t<div class='summary'>\n\t\t<div class='staticMap staticMap2' style='background-image: url(https:\/\/maps.googleapis.com\/maps\/api\/staticmap?scale=2&zoom=8&size=240x240&maptype=roadmap&markers=color:blue%7C-8.8358375,-48.511861&key=AIzaSyDTCppVt5h8lmAEWzURKoLHz7GseMcLDSE);'><a href='https:\/\/apublica.org\/tvsdaamazonia\/guarai\/'><\/a><\/div>\n\n\t\t<h3>Guara\u00ed<\/h3>\n\n\t\t<div class='staticMap staticMap1' style='background-image: url(https:\/\/maps.googleapis.com\/maps\/api\/staticmap?scale=2&zoom=8&size=1200x600&maptype=roadmap&markers=color:blue%7C-8.8358375,-48.511861&key=AIzaSyDTCppVt5h8lmAEWzURKoLHz7GseMcLDSE);'><a href='https:\/\/apublica.org\/tvsdaamazonia\/guarai\/'><\/a><\/div>\n\n\t\t<p>\u00c9 meio dia na escaldante Guara\u00ed, uma pequena cidade do norte do Tocantins cortada pela rodovia que liga Palmas a Bel\u00e9m do Par\u00e1. O jovem professor de direito Nivaldo Junior ignora o calor e sobe apressado os dois lances da escada que d\u00e3o acesso ao est\u00fadio da TV Guar\u00e1. Com um salto na dire\u00e7\u00e3o da c\u00e2mera, come\u00e7a mais uma edi\u00e7\u00e3o do Tribuna do Povo, uma mistura de jornalismo e entretenimento que vai ao ar no hor\u00e1rio nobre das emissoras do interior: o do almo\u00e7o.<\/p>\n\t\t<p class='more'><a href='https:\/\/apublica.org\/tvsdaamazonia\/guarai\/'>Mais...<\/a>\n\t<\/div>\n<\/div>\n<div><\/div>\n\n<div class='mapListItem'>\n\t<div class='summary'>\n\t\t<div class='staticMap staticMap2' style='background-image: url(https:\/\/maps.googleapis.com\/maps\/api\/staticmap?scale=2&zoom=8&size=240x240&maptype=roadmap&markers=color:blue%7C-8.0580437,-48.4761559&key=AIzaSyDTCppVt5h8lmAEWzURKoLHz7GseMcLDSE);'><a href='https:\/\/apublica.org\/tvsdaamazonia\/colina-do-tocantins\/'><\/a><\/div>\n\n\t\t<h3>Colina do Tocantins<\/h3>\n\n\t\t<div class='staticMap staticMap1' style='background-image: url(https:\/\/maps.googleapis.com\/maps\/api\/staticmap?scale=2&zoom=8&size=1200x600&maptype=roadmap&markers=color:blue%7C-8.0580437,-48.4761559&key=AIzaSyDTCppVt5h8lmAEWzURKoLHz7GseMcLDSE);'><a href='https:\/\/apublica.org\/tvsdaamazonia\/colina-do-tocantins\/'><\/a><\/div>\n\n\t\t<p>A hist\u00f3ria da TV Colina \u00e9 t\u00e3o cheia de reviravoltas que parece obra de fic\u00e7\u00e3o, mas trata-se um caso exemplar do uso pol\u00edtico dos meios de comunica\u00e7\u00e3o na Amaz\u00f4nia Legal.<\/p>\n\t\t<p class='more'><a href='https:\/\/apublica.org\/tvsdaamazonia\/colina-do-tocantins\/'>Mais...<\/a>\n\t<\/div>\n<\/div>\n<div><\/div>\n\n<div class='mapListItem'>\n\t<div class='summary'>\n\t\t<div class='staticMap staticMap2' style='background-image: url(https:\/\/maps.googleapis.com\/maps\/api\/staticmap?scale=2&zoom=8&size=240x240&maptype=roadmap&markers=color:blue%7C-8.2617601,-49.269347&key=AIzaSyDTCppVt5h8lmAEWzURKoLHz7GseMcLDSE);'><a href='https:\/\/apublica.org\/tvsdaamazonia\/conceicao-do-araguaia\/'><\/a><\/div>\n\n\t\t<h3>Concei\u00e7\u00e3o do Araguaia<\/h3>\n\n\t\t<div class='staticMap staticMap1' style='background-image: url(https:\/\/maps.googleapis.com\/maps\/api\/staticmap?scale=2&zoom=8&size=1200x600&maptype=roadmap&markers=color:blue%7C-8.2617601,-49.269347&key=AIzaSyDTCppVt5h8lmAEWzURKoLHz7GseMcLDSE);'><a href='https:\/\/apublica.org\/tvsdaamazonia\/conceicao-do-araguaia\/'><\/a><\/div>\n\n\t\t<p>Famosa pelo rio que a margeia, o Araguaia, e pelo hist\u00f3rico de viol\u00eancia no meio rural, Concei\u00e7\u00e3o do Araguaia, no Par\u00e1, tem apenas 36 mil habitantes e duas emissoras de televis\u00e3o, repetidoras do SBT e da Record, que produzem programas locais<\/p>\n\t\t<p class='more'><a href='https:\/\/apublica.org\/tvsdaamazonia\/conceicao-do-araguaia\/'>Mais...<\/a>\n\t<\/div>\n<\/div>\n<div><\/div>\n\n<div class='mapListItem'>\n\t<div class='summary'>\n\t\t<div class='staticMap staticMap2' style='background-image: url(https:\/\/maps.googleapis.com\/maps\/api\/staticmap?scale=2&zoom=8&size=240x240&maptype=roadmap&markers=color:blue%7C-8.0256958,-50.0321264&key=AIzaSyDTCppVt5h8lmAEWzURKoLHz7GseMcLDSE);'><a href='https:\/\/apublica.org\/tvsdaamazonia\/redencao\/'><\/a><\/div>\n\n\t\t<h3>Reden\u00e7\u00e3o<\/h3>\n\n\t\t<div class='staticMap staticMap1' style='background-image: url(https:\/\/maps.googleapis.com\/maps\/api\/staticmap?scale=2&zoom=8&size=1200x600&maptype=roadmap&markers=color:blue%7C-8.0256958,-50.0321264&key=AIzaSyDTCppVt5h8lmAEWzURKoLHz7GseMcLDSE);'><a href='https:\/\/apublica.org\/tvsdaamazonia\/redencao\/'><\/a><\/div>\n\n\t\t<p>Nas manh\u00e3s de sexta-feira, o est\u00fadio da TV Cidade, de Reden\u00e7\u00e3o, \u00e9 invadido pela trupe do cantor sertanejo Simi\u00e3o Nogueira, que apresenta o Clube da Viola. Ele chega cedo \u00e0 emissora para limpar e decorar o cen\u00e1rio com cachos de banana, berrante, chifres de boi e produtos dos patrocinadores. H\u00e1 cuidado especial com o fog\u00e3o a lenha, que precisa estar fumegante quando o programa semanal entra no ar, ao meio-dia.<\/p>\n\t\t<p class='more'><a href='https:\/\/apublica.org\/tvsdaamazonia\/redencao\/'>Mais...<\/a>\n\t<\/div>\n<\/div>\n<div><\/div>\n\n<div class='mapListItem'>\n\t<div class='summary'>\n\t\t<div class='staticMap staticMap2' style='background-image: url(https:\/\/maps.googleapis.com\/maps\/api\/staticmap?scale=2&zoom=8&size=240x240&maptype=roadmap&markers=color:blue%7C-7.0999238,-49.9423425&key=AIzaSyDTCppVt5h8lmAEWzURKoLHz7GseMcLDSE);'><a href='https:\/\/apublica.org\/tvsdaamazonia\/xinguara\/'><\/a><\/div>\n\n\t\t<h3>Xinguara<\/h3>\n\n\t\t<div class='staticMap staticMap1' style='background-image: url(https:\/\/maps.googleapis.com\/maps\/api\/staticmap?scale=2&zoom=8&size=1200x600&maptype=roadmap&markers=color:blue%7C-7.0999238,-49.9423425&key=AIzaSyDTCppVt5h8lmAEWzURKoLHz7GseMcLDSE);'><a href='https:\/\/apublica.org\/tvsdaamazonia\/xinguara\/'><\/a><\/div>\n\n\t\t<p>\u201cAqui a gente brinca de fazer televis\u00e3o\u201d, resumiu bem humorado o empres\u00e1rio J\u00falio C\u00e9sar Pitombo, propriet\u00e1rio da afiliada do SBT em Xinguara, no sul do Par\u00e1. O empres\u00e1rio, de 49 anos, admite que sua emissora cobra pagamento dos pol\u00edticos para entrevist\u00e1-los. \u201cEu n\u00e3o bajulo ningu\u00e9m. O pol\u00edtico que quiser aparecer vai ter que gastar algum. Ele vai ter que pagar alguma coisa pra sair, se n\u00e3o eu n\u00e3o fa\u00e7o.\u201d<\/p>\n\t\t<p class='more'><a href='https:\/\/apublica.org\/tvsdaamazonia\/xinguara\/'>Mais...<\/a>\n\t<\/div>\n<\/div>\n<div><\/div>\n\n<div class='mapListItem'>\n\t<div class='summary'>\n\t\t<div class='staticMap staticMap2' style='background-image: url(https:\/\/maps.googleapis.com\/maps\/api\/staticmap?scale=2&zoom=8&size=240x240&maptype=roadmap&markers=color:blue%7C-6.5320872,-49.8512188&key=AIzaSyDTCppVt5h8lmAEWzURKoLHz7GseMcLDSE);'><a href='https:\/\/apublica.org\/tvsdaamazonia\/canaa-dos-carajas\/'><\/a><\/div>\n\n\t\t<h3>Cana\u00e3 dos Caraj\u00e1s<\/h3>\n\n\t\t<div class='staticMap staticMap1' style='background-image: url(https:\/\/maps.googleapis.com\/maps\/api\/staticmap?scale=2&zoom=8&size=1200x600&maptype=roadmap&markers=color:blue%7C-6.5320872,-49.8512188&key=AIzaSyDTCppVt5h8lmAEWzURKoLHz7GseMcLDSE);'><a href='https:\/\/apublica.org\/tvsdaamazonia\/canaa-dos-carajas\/'><\/a><\/div>\n\n\t\t<p>Cana\u00e3 dos Caraj\u00e1s, no sul do Par\u00e1, \u00e9 uma cidade dormit\u00f3rio que abriga milhares de trabalhadores terceirizados das minas da Companhia Vale. Lembra o Velho Oeste norte-americano: empoeirada, com maioria da popula\u00e7\u00e3o masculina e onde tudo parece estar em constru\u00e7\u00e3o.<\/p>\n\t\t<p class='more'><a href='https:\/\/apublica.org\/tvsdaamazonia\/canaa-dos-carajas\/'>Mais...<\/a>\n\t<\/div>\n<\/div>\n<div><\/div>\n\n<div class='mapListItem'>\n\t<div class='summary'>\n\t\t<div class='staticMap staticMap2' style='background-image: url(https:\/\/maps.googleapis.com\/maps\/api\/staticmap?scale=2&zoom=8&size=240x240&maptype=roadmap&markers=color:blue%7C-6.0682016,-49.9041696&key=AIzaSyDTCppVt5h8lmAEWzURKoLHz7GseMcLDSE);'><a href='https:\/\/apublica.org\/tvsdaamazonia\/parauapebas-e-curionopolis\/'><\/a><\/div>\n\n\t\t<h3>Parauapebas e Curion\u00f3polis<\/h3>\n\n\t\t<div class='staticMap staticMap1' style='background-image: url(https:\/\/maps.googleapis.com\/maps\/api\/staticmap?scale=2&zoom=8&size=1200x600&maptype=roadmap&markers=color:blue%7C-6.0682016,-49.9041696&key=AIzaSyDTCppVt5h8lmAEWzURKoLHz7GseMcLDSE);'><a href='https:\/\/apublica.org\/tvsdaamazonia\/parauapebas-e-curionopolis\/'><\/a><\/div>\n\n\t\t<p>O prefeito de Curion\u00f3polis, Wenderson Chamon, do PMDB, \u00e9 o novo fen\u00f4meno da radiodifus\u00e3o do sul do Par\u00e1. Ele montou uma rede regional de televis\u00e3o, afiliada ao SBT, a partir de seis retransmissoras obtidas em 2010, no \u00faltimo ano do governo Lula.<\/p>\n\t\t<p class='more'><a href='https:\/\/apublica.org\/tvsdaamazonia\/parauapebas-e-curionopolis\/'>Mais...<\/a>\n\t<\/div>\n<\/div>\n<div><\/div>\n\n<div class='mapListItem'>\n\t<div class='summary'>\n\t\t<div class='staticMap staticMap2' style='background-image: url(https:\/\/maps.googleapis.com\/maps\/api\/staticmap?scale=2&zoom=8&size=240x240&maptype=roadmap&markers=color:blue%7C-5.3811357,-49.1331024&key=AIzaSyDTCppVt5h8lmAEWzURKoLHz7GseMcLDSE);'><a href='https:\/\/apublica.org\/tvsdaamazonia\/maraba\/'><\/a><\/div>\n\n\t\t<h3>Marab\u00e1<\/h3>\n\n\t\t<div class='staticMap staticMap1' style='background-image: url(https:\/\/maps.googleapis.com\/maps\/api\/staticmap?scale=2&zoom=8&size=1200x600&maptype=roadmap&markers=color:blue%7C-5.3811357,-49.1331024&key=AIzaSyDTCppVt5h8lmAEWzURKoLHz7GseMcLDSE);'><a href='https:\/\/apublica.org\/tvsdaamazonia\/maraba\/'><\/a><\/div>\n\n\t\t<p>Um homem de meia idade e acima do peso vem ao meu encontro em Marab\u00e1. \u00c9 Demetrius Fernandes Oliveira, de 59 anos, ex-suplente do senador M\u00e1rio Couto, do PSDB. Ele retransmitiu o SBT na cidade at\u00e9 dezembro de 2014, quando perdeu a bandeira da emissora para o prefeito de Curion\u00f3polis, Wenderson Chamon, do PMDB.<\/p>\n\t\t<p class='more'><a href='https:\/\/apublica.org\/tvsdaamazonia\/maraba\/'>Mais...<\/a>\n\t<\/div>\n<\/div>\n<div><\/div>\n\n","protected":false},"excerpt":{"rendered":"<p>A expedi\u00e7\u00e3o a Tocantins e Par\u00e1 come\u00e7ou em Belo Horizonte, na madrugada de 30 de maio de 2015, e terminou em Bel\u00e9m, ao entardecer de 9 de junho. Foram percorridos cerca de 4 mil quil\u00f4metros de estradas. Meus companheiros de viagem foram o veterin\u00e1rio e professor aposentado da UFMG Geraldo Francisco Ara\u00fajo, meu irm\u00e3o, e [&hellip;]<\/p>\n","protected":false},"author":1,"featured_media":43,"parent":0,"menu_order":38,"comment_status":"closed","ping_status":"closed","template":"","meta":{"_acf_changed":false,"footnotes":""},"coauthors":[3],"class_list":["post-42","page","type-page","status-publish","has-post-thumbnail","hentry"],"acf":[],"jetpack_sharing_enabled":true,"_links":{"self":[{"href":"https:\/\/apublica.org\/tvsdaamazonia\/wp-json\/wp\/v2\/pages\/42","targetHints":{"allow":["GET"]}}],"collection":[{"href":"https:\/\/apublica.org\/tvsdaamazonia\/wp-json\/wp\/v2\/pages"}],"about":[{"href":"https:\/\/apublica.org\/tvsdaamazonia\/wp-json\/wp\/v2\/types\/page"}],"author":[{"embeddable":true,"href":"https:\/\/apublica.org\/tvsdaamazonia\/wp-json\/wp\/v2\/users\/1"}],"replies":[{"embeddable":true,"href":"https:\/\/apublica.org\/tvsdaamazonia\/wp-json\/wp\/v2\/comments?post=42"}],"version-history":[{"count":2,"href":"https:\/\/apublica.org\/tvsdaamazonia\/wp-json\/wp\/v2\/pages\/42\/revisions"}],"predecessor-version":[{"id":197,"href":"https:\/\/apublica.org\/tvsdaamazonia\/wp-json\/wp\/v2\/pages\/42\/revisions\/197"}],"wp:featuredmedia":[{"embeddable":true,"href":"https:\/\/apublica.org\/tvsdaamazonia\/wp-json\/wp\/v2\/media\/43"}],"wp:attachment":[{"href":"https:\/\/apublica.org\/tvsdaamazonia\/wp-json\/wp\/v2\/media?parent=42"}],"wp:term":[{"taxonomy":"author","embeddable":true,"href":"https:\/\/apublica.org\/tvsdaamazonia\/wp-json\/wp\/v2\/coauthors?post=42"}],"curies":[{"name":"wp","href":"https:\/\/api.w.org\/{rel}","templated":true}]}}