{"id":47,"date":"2016-01-15T17:06:11","date_gmt":"2016-01-15T19:06:11","guid":{"rendered":"https:\/\/apublica.org\/tvsdaamazonia.new\/index.php\/itapecuru-mirim\/"},"modified":"2022-05-23T13:40:46","modified_gmt":"2022-05-23T16:40:46","slug":"itapecuru-mirim","status":"publish","type":"page","link":"https:\/\/apublica.org\/tvsdaamazonia\/itapecuru-mirim\/","title":{"rendered":"Itapecuru-Mirim"},"content":{"rendered":"<p>Ter\u00e7a-feira, 30 de junho de 2015. Uma pequena multid\u00e3o congestiona a prefeitura de Itapecuru-Mirim, um munic\u00edpio de 62 mil habitantes a 118 km da capital maranhense. \u00c9 dia de beija-m\u00e3o na prefeitura, quando moradores carentes levam toda sorte de pedidos ao prefeito Magno Amorim, do PPS. Pedem emprego, rem\u00e9dios, ajuda para aposentadoria rural, passagens, dinheiro e at\u00e9 cal\u00e7ados.<\/p>\n<p>Os moradores chegaram de madrugada. Alguns levam crian\u00e7as pequenas no colo, em cena que remete \u00e0 imagem do coronel.<\/p>\n<p>A prefeitura de Itapecuru-Mirim administra tr\u00eas retransmissoras de TV: canais 11 (Globo), 5 (Record) e 7 (SBT). S\u00f3 os dois \u00faltimos produzem notici\u00e1rio local. N\u00e3o h\u00e1 emissora na cidade que seja independente da prefeitura.<\/p>\n<p>Os canais 5 e 7 funcionam numa pequena casa no alto de um morro e dividem o mesmo est\u00fadio, uma saleta desprovida de m\u00f3veis e sem isolamento ac\u00fastico. As not\u00edcias locais veiculadas no SBT s\u00e3o gravadas com anteced\u00eancia, para que o programa Balan\u00e7o Geral, da Record, l\u00edder de audi\u00eancia, seja transmitido ao vivo.<\/p>\n<p>William Vieira \u00e9 a estrela da Record local. Al\u00e9m de rep\u00f3rter e apresentador, dirige a emissora e negocia an\u00fancios e permutas com o com\u00e9rcio da regi\u00e3o. A equipe recebe sal\u00e1rio da prefeitura. O apresentador completa a sua renda com a venda de an\u00fancios.<\/p>\n<p>Naquela ter\u00e7a-feira do final de junho, William chegou ao est\u00fadio pouco antes do meio-dia, depois de gravar duas reportagens policiais. Moradores o esperavam na porta da emissora. Ele vestiu a gravata e o blazer tirados de um pequeno arm\u00e1rio, colocou o banner da Record na parede e dirigiu-se \u00e0 c\u00e2mera num tom baixo e pausado \u2013 como se fizesse confid\u00eancias aos telespectadores \u2013, anunciando as manchetes do dia.<\/p>\n<p>\u201cO Zequinha. Voc\u00ea conhece o baixinho? Acostumado a pegar o que n\u00e3o deve, foi preso. Estava com uma m\u00e1quina de lavar moto, muito bonita, que diz ter comprado por R$ 15. Eu estou tentando comprar uma igualzinha, que custa R$ 450 e ainda n\u00e3o consegui. Recepta\u00e7\u00e3o \u00e9 crime. E voc\u00ea vai conhecer tamb\u00e9m a hist\u00f3ria de uma mulher que tomou o marido da outra. A mulher agora quer cortar a cara dela todinha: sabe o que ela disse? Quem tem boca tem fome.\u201d<\/p>\n<p>William tem origem no r\u00e1dio, onde trabalhou como locutor por 17 anos. Migrou para a televis\u00e3o em 2010. Filho de um trabalhador rural, vendeu tomate em feira e capinou quintais em S\u00e3o Lu\u00eds para ajudar a fam\u00edlia. Fez curso t\u00e9cnico de comunica\u00e7\u00e3o no Senac.<\/p>\n<p>Ele se queixou da falta de estrutura de trabalho. Disse que sua maior motiva\u00e7\u00e3o \u00e9 o assistencialismo, e que distribui cadeiras de rodas, rem\u00e9dios e cestas b\u00e1sicas obtidas em permuta por an\u00fancios. O trabalho assistencial, ele admitiu, pavimenta o caminho para uma futura carreira pol\u00edtica. Mas por enquanto, afirmou, n\u00e3o cogita sair candidato.<\/p>\n<h2>Ref\u00e9m de assaltantes<\/h2>\n<p>Um time min\u00fasculo, de apenas tr\u00eas pessoas \u00e9 respons\u00e1vel por manter no ar a retransmissora do SBT em Itapecuru-Mirim. \u00c0 frente est\u00e1 Renato Valadares, de 30 anos. Assim como William Vieira, ele \u00e9 o faz tudo da emissora.<\/p>\n<p>Nascido em Chapadinha, no interior do Maranh\u00e3o, Valadares come\u00e7ou no r\u00e1dio, como sonoplasta, aos 15 anos. Segundo contou, aos 19 foi trabalhar numa emissora de TV do ex-deputado estadual Wagner Pessoa. Desde ent\u00e3o, fez curso de editor e passou por quatro televis\u00f5es no interior do Maranh\u00e3o. O sal\u00e1rio de R$ 2.500 \u00e9 tirado, em parte, com a receita de an\u00fancios. Seu contrato com a prefeitura de Itapecuru \u00e9 anual e j\u00e1 foi renovado sete vezes.<\/p>\n<p>Renato disse que n\u00e3o gostava de ser rep\u00f3rter e que preferia o trabalho de edi\u00e7\u00e3o, mas se emocionou ao descrever a que considera sua maior reportagem: a cobertura policial de um assalto na cidade de Miranda do Norte, a 30 quil\u00f4metros de Itapecuru-Mirim.<\/p>\n<p>\u201cUm bando assaltou os Correios em Miranda. A pol\u00edcia chegou e os funcion\u00e1rios ficaram ref\u00e9ns dos assaltantes. Os bandidos disseram que soltariam os ref\u00e9ns, mas s\u00f3 se tivesse uma TV de outra cidade filmando. Um amigo que trabalha na prefeitura da cidade me indicou. Segui atr\u00e1s do carro da pol\u00edcia, pela contram\u00e3o. Fui o primeiro jornalista a chegar l\u00e1 e fiquei filmando os assaltantes com armas nas cabe\u00e7as dos ref\u00e9ns. No final, os bandidos jogaram o dinheiro para o alto. A popula\u00e7\u00e3o n\u00e3o pegou o dinheiro porque tinha pol\u00edcia de toda a vizinhan\u00e7a no lugar. Foi adrenalina total. Isso me agradou muito. E fui elogiado no ar pelo SBT em S\u00e3o Paulo e em S\u00e3o Lu\u00eds.\u201d<\/p>\n","protected":false},"excerpt":{"rendered":"<p>Ter\u00e7a-feira, 30 de junho de 2015. Uma pequena multid\u00e3o congestiona a prefeitura de Itapecuru-Mirim, um munic\u00edpio de 62 mil habitantes a 118 km da capital maranhense. \u00c9 dia de beija-m\u00e3o na prefeitura, quando moradores carentes levam toda sorte de pedidos ao prefeito Magno Amorim, do PPS. Pedem emprego, rem\u00e9dios, ajuda para aposentadoria rural, passagens, dinheiro e at\u00e9 cal\u00e7ados.<\/p>\n","protected":false},"author":2,"featured_media":48,"parent":0,"menu_order":22,"comment_status":"closed","ping_status":"closed","template":"","meta":{"_acf_changed":false,"footnotes":""},"coauthors":[3],"class_list":["post-47","page","type-page","status-publish","has-post-thumbnail","hentry"],"acf":[],"jetpack_sharing_enabled":true,"_links":{"self":[{"href":"https:\/\/apublica.org\/tvsdaamazonia\/wp-json\/wp\/v2\/pages\/47","targetHints":{"allow":["GET"]}}],"collection":[{"href":"https:\/\/apublica.org\/tvsdaamazonia\/wp-json\/wp\/v2\/pages"}],"about":[{"href":"https:\/\/apublica.org\/tvsdaamazonia\/wp-json\/wp\/v2\/types\/page"}],"author":[{"embeddable":true,"href":"https:\/\/apublica.org\/tvsdaamazonia\/wp-json\/wp\/v2\/users\/2"}],"replies":[{"embeddable":true,"href":"https:\/\/apublica.org\/tvsdaamazonia\/wp-json\/wp\/v2\/comments?post=47"}],"version-history":[{"count":1,"href":"https:\/\/apublica.org\/tvsdaamazonia\/wp-json\/wp\/v2\/pages\/47\/revisions"}],"predecessor-version":[{"id":146,"href":"https:\/\/apublica.org\/tvsdaamazonia\/wp-json\/wp\/v2\/pages\/47\/revisions\/146"}],"wp:featuredmedia":[{"embeddable":true,"href":"https:\/\/apublica.org\/tvsdaamazonia\/wp-json\/wp\/v2\/media\/48"}],"wp:attachment":[{"href":"https:\/\/apublica.org\/tvsdaamazonia\/wp-json\/wp\/v2\/media?parent=47"}],"wp:term":[{"taxonomy":"author","embeddable":true,"href":"https:\/\/apublica.org\/tvsdaamazonia\/wp-json\/wp\/v2\/coauthors?post=47"}],"curies":[{"name":"wp","href":"https:\/\/api.w.org\/{rel}","templated":true}]}}