{"id":54,"date":"2016-01-15T17:13:06","date_gmt":"2016-01-15T19:13:06","guid":{"rendered":"https:\/\/apublica.org\/tvsdaamazonia.new\/index.php\/codo\/"},"modified":"2022-05-23T13:40:46","modified_gmt":"2022-05-23T16:40:46","slug":"codo","status":"publish","type":"page","link":"https:\/\/apublica.org\/tvsdaamazonia\/codo\/","title":{"rendered":"Cod\u00f3"},"content":{"rendered":"<p>\u201cA televis\u00e3o \u00e9 o maior cabo eleitoral do Maranh\u00e3o\u201d, afirma, sem pestanejar, o piauiense Michel Marques Lopes, diretor da TV Cod\u00f3, canal 13. Trata-se de um canal da prefeitura, que o prefeito Zito Rolim Filho, do PV, tratou de p\u00f4r em uso quando rompeu a alian\u00e7a pol\u00edtica que mantinha com propriet\u00e1rios das demais emissoras locais.<\/p>\n<p>Michel \u00e9 um profundo conhecedor dos meandros da comunica\u00e7\u00e3o e da pol\u00edtica da cidade maranhense. Est\u00e1 no setor desde os 13 anos de idade, quando come\u00e7ou como operador de VT na Rede Meio Norte, de Teresina. Assim como outros profissionais da \u00e1rea, ele trabalha em televis\u00e3o nos intervalos das companhas pol\u00edticas. Iniciado o per\u00edodo eleitoral, se afasta para assessorar candidatos.<\/p>\n<p>Pragm\u00e1tico, o diretor da TV Cod\u00f3 diz que toda emissora de televis\u00e3o de prefeitura fica a servi\u00e7o do grupo pol\u00edtico do prefeito. \u201cN\u00e3o tem como ser diferente. O prefeito n\u00e3o vai deixar uma pessoa da oposi\u00e7\u00e3o ser rep\u00f3rter ou apresentar um programa na emissora.\u201d<\/p>\n<p>A prefeitura possui duas outorgas de retransmiss\u00e3o de TV: o canal 5, que est\u00e1 desativado, e o 13. O prefeito anterior ocupava o canal 5, que, n\u00e3o se sabe por qual motivo, deixou de ser usado.<\/p>\n<p>Michel Lopes tem outra certeza: quando terminar o mandato do atual prefeito, todos os 14 funcion\u00e1rios da TV Cod\u00f3 perder\u00e3o o emprego e a emissora, assim como aconteceu no final da gest\u00e3o anterior, ser\u00e1 desativada.<\/p>\n<p>Essa \u00e9 uma realidade n\u00e3o s\u00f3 em Cod\u00f3, mas em praticamente todas as cidades onde as prefeituras t\u00eam canal de TV. H\u00e1 relatos sobre televis\u00f5es que foram desmontadas e nunca se soube o destino dos equipamentos<\/p>\n<p>O canal 13 foi a primeira emissora do interior do Maranh\u00e3o a se afiliar \u00e0 Rede Meio Norte, que est\u00e1 em r\u00e1pido processo de expans\u00e3o na Amaz\u00f4nia. Produz tr\u00eas programas locais: o jornal Revista Cidade da Gente, de segunda \u00e0 sexta, das 12h \u00e0s 14h, com entrevistas, informa\u00e7\u00f5es tiradas da internet e mat\u00e9rias institucionais da prefeitura; um notici\u00e1rio esportivo, de 11h ao meio-dia; e o programa de reggae Explos\u00e3o da Jamaica, aos s\u00e1bados. O Maranh\u00e3o, como se sabe, \u00e9 a capital nacional do reggae.<\/p>\n<p>Cod\u00f3 tem mais quatro canais de televis\u00e3o com programa\u00e7\u00e3o local, todos pertencentes a pol\u00edticos. A fam\u00edlia Sarney tem uma geradora na cidade, o canal 9. O ex-prefeito Bin\u00e9 Figueiredo tem o canal 11, afiliado da Record. O canal 7, afiliado da Bandeirantes, pertence \u00e0 fam\u00edlia do ex-prefeito e ex-deputado federal Joaquim Ara\u00fajo Filho, e o canal 3, afiliado do SBT, pertence ao maior empres\u00e1rio da cidade, Francisco Oliveira, cujo filho, Francisco Nagib Oliveira, foi candidato a prefeito em 2012.<\/p>\n<p>\u201cA realidade \u00e9 uma s\u00f3. Todos os ve\u00edculos de comunica\u00e7\u00e3o daqui s\u00e3o usados politicamente. N\u00e3o existe esse neg\u00f3cio de imparcialidade&#8221;, afirmou Miguel Lopes.<\/p>\n<h2>A emo\u00e7\u00e3o do rep\u00f3rter<\/h2>\n<p>A constata\u00e7\u00e3o do diretor da TV Cod\u00f3 \u00e9 corroborada por depoimentos dos jornalistas das demais emissoras da cidade. Mas o que emociona nos relatos \u00e9 que o fatalismo diante da realidade pol\u00edtica n\u00e3o elimina a paix\u00e3o pelo exerc\u00edcio do jornalismo.<\/p>\n<p>Sena Queribe, de 43 anos, \u00e9 rep\u00f3rter policial da FCTV, canal 3. Pai de tr\u00eas filhos, ele come\u00e7ou no r\u00e1dio e foi para a TV em 2011. Fez curso de t\u00e9cnico em r\u00e1dio e televis\u00e3o no Senac.<\/p>\n<p>O rep\u00f3rter se deixou levar pela emo\u00e7\u00e3o ao lembrar a reportagem que mais o marcou na vida: um \u00f4nibus seguia de Teresina para Cod\u00f3, se desgovernou e caiu no rio. Primeiro a chegar ao local, ele ajudou v\u00e1rias pessoas a se salvarem, mas foi tarde demais para uma m\u00e3e e seu beb\u00ea, que morreram abra\u00e7ados. Passados 15 anos do acidente, Queribe chorou ao se lembrar dos corpos sendo i\u00e7ados do fundo do rio.<\/p>\n<p>Ele conta que vende reportagens para os blogs \u2013 que s\u00e3o muitos na regi\u00e3o \u2013 para completar o sal\u00e1rio recebido na emissora. Os principais blogs pagam R$ 100 por mat\u00e9ria.<\/p>\n<p>Em Cod\u00f3 ocorre uma curiosa intera\u00e7\u00e3o entre blogs e emissoras de TV. As televis\u00f5es reproduzem as informa\u00e7\u00f5es dos blogs e estes se alimentam com mat\u00e9rias fornecidas por rep\u00f3rteres das emissoras.<\/p>\n<div id=\"attachment_686\" style=\"width: 1210px\" class=\"wp-caption alignnone\"><img loading=\"lazy\" decoding=\"async\" aria-describedby=\"caption-attachment-686\" class=\"bordered wp-image-686 size-full\" src=\"https:\/\/apublica.org\/tvsdaamazonia.new\/wp-content\/uploads\/site\/\/3\/mg-8185-resized.jpg\" alt=\"Apresentador da FCTV faz a pr\u00f3pria maquiagem antes de entrar no ar.\" width=\"1200\" height=\"800\" \/><p id=\"caption-attachment-686\" class=\"wp-caption-text\">Apresentador da FCTV faz a pr\u00f3pria maquiagem antes de entrar no ar (Foto: Elvira Lobato).<\/p><\/div>\n<h2>Entusiasmo do diretor<\/h2>\n<p>Professor, graduado em filosofia, C\u00edcero de Souza \u00e9 diretor da FCTV. Ele comanda uma equipe de dois rep\u00f3rteres, dois editores, dois cinegrafistas, dois apresentadores, um produtor e um DJ e se tornou um entusiasta da comunica\u00e7\u00e3o.<\/p>\n<p>Disse que entrou no ramo por acaso. Foi convidado pelo dono da emissora, de quem \u00e9 amigo, dentro de um avi\u00e3o. \u201cEle estava insatisfeito com a programa\u00e7\u00e3o e com o faturamento da TV, e perguntou se eu topava dirigir a emissora. Topei sem entender nada do assunto.\u201d<\/p>\n<p>A primeira provid\u00eancia, contou, foi comprar livros sobre jornalismo televisivo. Bebeu, segundo disse, na fonte de Jos\u00e9 Luiz Datena, apresentador da Band, e de Marcelo Rezende, da Record. Criou um programa di\u00e1rio com duas horas de dura\u00e7\u00e3o, o Fala Cod\u00f3, e botou o apresentador em p\u00e9, se movimentando no est\u00fadio. O programa tem quadros sobre pol\u00edtica nacional, informa\u00e7\u00f5es de blogs locais, notici\u00e1rio policial, comportamento, esportes e sobre concursos p\u00fablicos.<\/p>\n<p>C\u00edcero Souza sustenta que a emissora n\u00e3o sofre press\u00e3o pelo fato de Joaquim Nagib Oliveira, filho do propriet\u00e1rio da emissora, estar na pol\u00edtica. \u201cEle s\u00f3 aparece se for not\u00edcia, e \u00e9 proibido de passar na frente da emissora durante a campanha eleitoral\u201d, afirmou.<\/p>\n<p>Segundo o diretor, a emissora fatura R$ 104 mil mensais e atinge 83% de audi\u00eancia durante o jornal local.<\/p>\n<h2>\u201cNunca d\u00e1 para ser imparcial quando o assunto \u00e9 o advers\u00e1rio\u201d<\/h2>\n<p>Na casa simples, entrei sem ser abordada por ningu\u00e9m e caminhei at\u00e9 o est\u00fadio da TV Cidade, canal 11, afiliada local da Record, onde um homem alto, de voz tonitruante, gravava o jornal Balan\u00e7a Cod\u00f3. Ele o fazia sozinho, sem nem sequer a companhia de um cameraman. No lugar de teleprompter, duas folhas de papel com anota\u00e7\u00f5es, presas \u00e0 c\u00e2mera, o lembravam dos temas mais importantes do notici\u00e1rio.<\/p>\n<p><strong>Valnei Filho<\/strong> \u00e9 apresentador e diretor da TV Cidade. O assunto do dia era a rejei\u00e7\u00e3o pela C\u00e2mara Federal da redu\u00e7\u00e3o da maioridade penal (que viria a ser aprovada, numa reviravolta, no dia seguinte). Valnei estava irritado com a vota\u00e7\u00e3o e fez um editorial defendendo a redu\u00e7\u00e3o da maioridade penal. Nos intervalos do notici\u00e1rio, deu a seguinte entrevista:<\/p>\n<blockquote><p><strong>Qual sua posi\u00e7\u00e3o na audi\u00eancia?<\/strong><br \/>\nTenho a perspectiva de que sou l\u00edder de audi\u00eancia. Ando pelas ruas de Cod\u00f3 e ou\u00e7o as pessoas. Aonde chego, juntam-se dez, quinze pessoas para tirar fotos comigo. Dizem gostar do meu trabalho; s\u00f3 denuncio fatos com documentos. Somos das emissoras mais rigorosas da cidade.<\/p>\n<p><strong>Que emissoras disputam a lideran\u00e7a em Cod\u00f3?<\/strong><br \/>\nRecord e SBT.<\/p>\n<p><strong>Como \u00e9 o relacionamento da emissora com a prefeitura?<\/strong><br \/>\nNormal. O prefeito nunca deu entrevista, mas, se quiser dar, n\u00e3o tem problema.<\/p>\n<p><strong>Por que ele n\u00e3o d\u00e1 entrevista \u00e0 Record?<\/strong><br \/>\nTalvez porque tenha a emissora dele, que retransmite da Rede Meio Norte. Sempre foi assim em Cod\u00f3.<\/p>\n<p><strong>Com todos os prefeitos?<\/strong><br \/>\nCom todos. Nenhum d\u00e1 entrevista \u00e0s televis\u00f5es dos advers\u00e1rios.<\/p>\n<p><strong>Isso n\u00e3o prejudica o prop\u00f3sito de imparcialidade, que presume ouvir o outro lado?<\/strong><br \/>\nCom certeza. A gente busca esse lado, mas n\u00e3o encontra. Fica s\u00f3 um lado, mas, se ele quiser falar, a TV est\u00e1 aberta.<\/p>\n<p><strong>Voc\u00ea \u00e9 um homem de r\u00e1dio. Como come\u00e7ou sua carreira?<\/strong><br \/>\nAos 17 anos, na R\u00e1dio Eldorado de Cod\u00f3. Eu queria muito trabalhar em r\u00e1dio. Como n\u00e3o havia internet, comecei lendo as not\u00edcias publicadas nos jornais. Trabalhei em v\u00e1rias cidades do Maranh\u00e3o, e voltei para Cod\u00f3 h\u00e1 um ano. Tenho muita experi\u00eancia em TV. Fui apresentador em Pinheiro, Carolina e v\u00e1rias outras cidades.<\/p>\n<p><strong>Qual \u00e9 a realidade das televis\u00f5es do Maranh\u00e3o? H\u00e1 imparcialidade?<\/strong><br \/>\nDepende. Quando a televis\u00e3o \u00e9 de um pol\u00edtico, nunca d\u00e1 para ser imparcial quando o assunto \u00e9 o advers\u00e1rio. E o outro age do mesmo modo. Sempre vende o peixe dele, e a raz\u00e3o est\u00e1 com ele. Sempre foi, e sempre ser\u00e1 assim.<\/p>\n<p><strong>Como profissional voc\u00ea v\u00ea uma forma de lutar contra isso?<\/strong><br \/>\nN\u00e3o tem. Eu procuro fazer uma cr\u00edtica construtiva. Nunca fiz nada que me desabonasse profissionalmente.<\/p>\n<p><strong>Qual \u00e9 a sua equipe?<\/strong><br \/>\nOito pessoas, sendo dois rep\u00f3rteres. A emissora tem uma despesa mensal de R$ 10 mil, incluindo o meu sal\u00e1rio. A TV n\u00e3o \u00e9 a minha principal fonte de renda.<\/p>\n<p><strong>A emissora consegue sobreviver da venda de an\u00fancios?<\/strong><br \/>\nN\u00e3o como gostar\u00edamos, mas d\u00e1.<\/p>\n<p><strong>Que futuro voc\u00ea v\u00ea para a emissora?<\/strong><br \/>\n\u00c9 uma grande quest\u00e3o, a ser conversada com os propriet\u00e1rios. N\u00e3o tenho ideia do que vai acontecer.<\/p><\/blockquote>\n","protected":false},"excerpt":{"rendered":"<p>\u201cA televis\u00e3o \u00e9 o maior cabo eleitoral do Maranh\u00e3o\u201d, afirma, sem pestanejar, o piauiense Michel Marques Lopes, diretor da TV Cod\u00f3, canal 13. Trata-se de um canal da prefeitura, que o prefeito Zito Rolim Filho, do PV, tratou de p\u00f4r em uso quando rompeu a alian\u00e7a pol\u00edtica que mantinha com propriet\u00e1rios das demais emissoras locais.<\/p>\n","protected":false},"author":2,"featured_media":55,"parent":0,"menu_order":28,"comment_status":"closed","ping_status":"closed","template":"","meta":{"_acf_changed":false,"footnotes":""},"coauthors":[3],"class_list":["post-54","page","type-page","status-publish","has-post-thumbnail","hentry"],"acf":[],"jetpack_sharing_enabled":true,"_links":{"self":[{"href":"https:\/\/apublica.org\/tvsdaamazonia\/wp-json\/wp\/v2\/pages\/54","targetHints":{"allow":["GET"]}}],"collection":[{"href":"https:\/\/apublica.org\/tvsdaamazonia\/wp-json\/wp\/v2\/pages"}],"about":[{"href":"https:\/\/apublica.org\/tvsdaamazonia\/wp-json\/wp\/v2\/types\/page"}],"author":[{"embeddable":true,"href":"https:\/\/apublica.org\/tvsdaamazonia\/wp-json\/wp\/v2\/users\/2"}],"replies":[{"embeddable":true,"href":"https:\/\/apublica.org\/tvsdaamazonia\/wp-json\/wp\/v2\/comments?post=54"}],"version-history":[{"count":1,"href":"https:\/\/apublica.org\/tvsdaamazonia\/wp-json\/wp\/v2\/pages\/54\/revisions"}],"predecessor-version":[{"id":149,"href":"https:\/\/apublica.org\/tvsdaamazonia\/wp-json\/wp\/v2\/pages\/54\/revisions\/149"}],"wp:featuredmedia":[{"embeddable":true,"href":"https:\/\/apublica.org\/tvsdaamazonia\/wp-json\/wp\/v2\/media\/55"}],"wp:attachment":[{"href":"https:\/\/apublica.org\/tvsdaamazonia\/wp-json\/wp\/v2\/media?parent=54"}],"wp:term":[{"taxonomy":"author","embeddable":true,"href":"https:\/\/apublica.org\/tvsdaamazonia\/wp-json\/wp\/v2\/coauthors?post=54"}],"curies":[{"name":"wp","href":"https:\/\/api.w.org\/{rel}","templated":true}]}}