{"id":72,"date":"2016-01-15T17:28:58","date_gmt":"2016-01-15T19:28:58","guid":{"rendered":"https:\/\/apublica.org\/tvsdaamazonia.new\/index.php\/redencao\/"},"modified":"2022-05-23T13:40:48","modified_gmt":"2022-05-23T16:40:48","slug":"redencao","status":"publish","type":"page","link":"https:\/\/apublica.org\/tvsdaamazonia\/redencao\/","title":{"rendered":"Reden\u00e7\u00e3o"},"content":{"rendered":"<p>Nas manh\u00e3s de sexta-feira, o est\u00fadio da TV Cidade, de Reden\u00e7\u00e3o, \u00e9 invadido pela trupe do cantor sertanejo Simi\u00e3o Nogueira, que apresenta o Clube da Viola. Ele chega cedo \u00e0 emissora para limpar e decorar o cen\u00e1rio com cachos de banana, berrante, chifres de boi e produtos dos patrocinadores. H\u00e1 cuidado especial com o fog\u00e3o a lenha, que precisa estar fumegante quando o programa semanal entra no ar, ao meio-dia.<\/p>\n<p>O Clube da Viola mescla reportagens sobre o mundo rural preparadas pela equipe da emissora com entrevistas ao vivo, v\u00eddeos e apresenta\u00e7\u00e3o de artistas convidados. Nada que lembre a fama da cidade de que a riqueza do agroneg\u00f3cio caminha de m\u00e3os dadas com o desmatamento e a explora\u00e7\u00e3o da m\u00e3o de obra rural. O munic\u00edpio ficou conhecido nacionalmente por estar na rota do trabalho an\u00e1logo \u00e0 escravid\u00e3o e, internacionalmente, por sua popula\u00e7\u00e3o de \u00edndios caiap\u00f3.<\/p>\n<p>Simi\u00e3o Nogueira nasceu em Jandaia, em Goi\u00e1s, passou a inf\u00e2ncia em Ribeir\u00e3o Preto, no interior de S\u00e3o Paulo, e tinha 12 anos quando a fam\u00edlia de dez filhos mudou-se para o Par\u00e1 em busca de melhores condi\u00e7\u00f5es de vida. O pai era trabalhador rural e levava os meninos para ajud\u00e1-lo na ro\u00e7a. \u201cMeu pai vivia grudado no r\u00e1dio de pilha. Me apaixonei por r\u00e1dio e sonhava em ser locutor.\u201d<\/p>\n<p>Aos 17 anos, Nogueira come\u00e7ou a trabalhar como aprendiz em uma r\u00e1dio, durante a madrugada. O locutor adoeceu e ele assumiu o trabalho do colega. \u201cMinha faculdade foi a escola da vida. J\u00e1 fui longe, mas quero mais.\u201d O programa na TV \u00e9 uma vitrine para trabalhos mais rent\u00e1veis, como shows e apresenta\u00e7\u00e3o de eventos. O cantor leva os patrocinadores para dar seus recados ao vivo e divulga cantores menos conhecidos.<\/p>\n<div id=\"attachment_631\" style=\"width: 1210px\" class=\"wp-caption alignnone\"><img loading=\"lazy\" decoding=\"async\" aria-describedby=\"caption-attachment-631\" class=\"size-full wp-image-631\" src=\"https:\/\/apublica.org\/tvsdaamazonia.new\/wp-content\/uploads\/site\/\/3\/img-7396.jpg\" alt=\"Filho de trabalhador rural, Simi\u00e3o Nogueira apresenta o &quot;Clube da Viola&quot; na TV Cidade, de Reden\u00e7\u00e3o.\" width=\"1200\" height=\"779\" \/><p id=\"caption-attachment-631\" class=\"wp-caption-text\">Filho de trabalhador rural, Simi\u00e3o Nogueira apresenta o &#8220;Clube da Viola&#8221; na TV Cidade, de Reden\u00e7\u00e3o (Foto: Elvira Lobato).<\/p><\/div>\n<p>Reden\u00e7\u00e3o tem oito retransmissoras de televis\u00e3o, mas s\u00f3 tr\u00eas geram conte\u00fado local: as afiliadas do SBT, da Record e da Record News.<\/p>\n<p>A TV Cidade, onde Simi\u00e3o Nogueira trabalha, retransmite o SBT e pertence ao vice-prefeito Carlos Iav\u00e9, do PMDB. A retransmissora da Record \u00e9 do ex-prefeito Wagner Fontes, do PTB, e a da Record News, segundo informa\u00e7\u00f5es locais, \u00e9 de um pastor em parceria com a prefeitura.<\/p>\n<p>No in\u00edcio de 2015, o vice-prefeito passou a comandar tamb\u00e9m a retransmissora da Bandeirantes, a pedido do senador Jader Barbalho, do PMDB, que tem a outorga do canal. Assim, quem chega \u00e0 TV Cidade se depara tamb\u00e9m com a placa, a antena e os carros da Band. N\u00e3o \u00e9 uma situa\u00e7\u00e3o in\u00e9dita na cidade. O ex-prefeito Wagner Fontes tamb\u00e9m possui dois canais de retransmiss\u00e3o de TV, o 11 e o 3, mas s\u00f3 o primeiro est\u00e1 no ar, afiliado \u00e0 Record.<\/p>\n<h2>Sonho de ser pastora<\/h2>\n<p>A equipe de jornalismo da TV Cidade \u00e9 formada por profissionais que se formaram como Simi\u00e3o Nogueira, \u201cna escola da vida\u201d, aprenderam com a pr\u00e1tica, e, de certa forma, ca\u00edram na profiss\u00e3o por acaso. A equipe tem v\u00e1rios evang\u00e9licos.<\/p>\n<p>Erleide Xavier \u00e9 \u00e2ncora do principal programa noticioso da emissora, o Sul do Par\u00e1 em Revista, e sonha em se tornar pastora da Igreja Casa da B\u00ean\u00e7\u00e3o. Aos 30 anos, ela \u00e9 uma profissional experiente. Contou que come\u00e7ou crian\u00e7a, na R\u00e1dio Cristalina FM, de Ouril\u00e2ndia do Norte, a 260 quil\u00f4metros de Reden\u00e7\u00e3o: \u201cO dono da r\u00e1dio me viu cantando, me achou desinibida\u201d.<\/p>\n<p>Erleide come\u00e7ou com uma pequena participa\u00e7\u00e3o, lendo textos, depois ganhou um programa pr\u00f3prio. Trabalhou na r\u00e1dio at\u00e9 os 19 anos, sem carteira assinada. A jovem teve uma r\u00e1pida passagem como apresentadora de TV em Tucum\u00e3 e chegou a Reden\u00e7\u00e3o aos 20 anos. Foi rep\u00f3rter e produtora na TV Cidade. Ficou famosa na regi\u00e3o, mas n\u00e3o quer continuar jornalista.<\/p>\n<p>\u201cEstou jornalista. N\u00e3o pretendo ficar por muito mais tempo na profiss\u00e3o. A profiss\u00e3o me fascinou estes anos todos, mas agora tenho outros planos. N\u00e3o quero ir para cidades maiores nem ser apresentadora de uma rede nacional. Sonho com uma vida espiritual e quero usar meu talento para ser pastora\u201d, disse ela.<\/p>\n<p>Tamb\u00e9m evang\u00e9lica, a rep\u00f3rter Cinira Martins, de 37 anos, \u00e9 formada em gest\u00e3o empresarial e cursa Servi\u00e7o Social por ensino \u00e0 dist\u00e2ncia. Ela contou que se tornou rep\u00f3rter por insist\u00eancia da diretora de jornalismo da emissora, Cleide Mendes, que, como ela, \u00e9 da Igreja Batista. \u201cH\u00e1 dois anos, fiquei desempregada e acabei fazendo o teste. Uma semana depois, fiz minha primeira mat\u00e9ria.\u201d<\/p>\n<p>Hoje Cinira \u00e9 reconhecida nas ruas e at\u00e9 d\u00e1 aut\u00f3grafos. Mas diz que a fama n\u00e3o a seduz e que tamb\u00e9m n\u00e3o pretende seguir por muito mais tempo na profiss\u00e3o. \u201cN\u00e3o quero isto para o resto da minha vida. \u00c9 muito tenso. O trabalho mexe demais com minhas emo\u00e7\u00f5es.\u201d<\/p>\n<p>O diretor da TV Cidade, Jason Alves, informou que a empresa tem 15 funcion\u00e1rios, sendo quatro rep\u00f3rteres. As afiliadas SBT, segundo ele, criaram uma rede para troca de informa\u00e7\u00f5es no Sul do Par\u00e1. Todas as afiliadas da regi\u00e3o podem usar o conte\u00fado gerado pela rede.<\/p>\n<h2>\u201cA maioria das TVs \u00e9 apadrinhada por pol\u00edticos\u201d<\/h2>\n<p>O piauiense Jaris Gomes Vieira, de 35 anos, se formou em teologia, mas desde os 20 anos de idade \u00e9 profissional de TV no Par\u00e1. Em 2014, foi para Reden\u00e7\u00e3o, onde \u00e9 diretor da afiliada local da Record, que pertence ao ex-prefeito Wagner Fontes.<\/p>\n<p>Reden\u00e7\u00e3o, na avalia\u00e7\u00e3o de Jaris, tem o mercado publicit\u00e1rio mais din\u00e2mico do sul do Par\u00e1, superando os de Parauapebas e Cana\u00e3 dos Caraj\u00e1s, que t\u00eam empreendimentos da Vale do Rio Doce. A <strong>entrevista com Jaris Gomes<\/strong> foi feita na sede da emissora.<\/p>\n<blockquote><p><strong>Quais s\u00e3o os crit\u00e9rios da emissora para a escolha dos profissionais?<\/strong><br \/>\nOs jornalistas s\u00e3o formados pelo pr\u00f3prio mercado, e n\u00f3s fazemos treinamentos di\u00e1rios de qualifica\u00e7\u00e3o e de estudos de conhecimentos gerais. Hoje, por exemplo, tivemos uma aula sobre Revolu\u00e7\u00e3o Francesa. Os treinamentos seguem os padr\u00f5es de jornalismo da Record.<\/p>\n<p><strong>E que padr\u00f5es s\u00e3o esses?<\/strong><br \/>\nJ\u00e1 trabalhei em afiliadas da Globo e posso dizer que os da Record n\u00e3o se diferenciam muito.\u00a0N\u00e3o damos detalhes na cobertura de chacinas, porque o caso \u00e9 macabro por si s\u00f3. Na apreens\u00e3o de bombas caseiras, n\u00e3o contamos como s\u00e3o produzidas. N\u00e3o falamos quanto o tr\u00e1fico arrecada, para n\u00e3o influenciar as pessoas. Esses cuidados s\u00e3o passados no treinamento di\u00e1rio.<br \/>\nO jornalismo da Record \u00e9 mais comunit\u00e1rio e popular. Sempre destaco nos treinamentos que o telespectador dificilmente ver\u00e1 um jornalista fazendo editorial na Record como o Arnaldo Jabor faz na Globo. Mas isso n\u00e3o significa que ela n\u00e3o tenha profissionais \u00e0 altura. A Record pega um profissional do n\u00edvel do Percival do Souza e o p\u00f5e sentado numa cadeira ao lado do Marcelo Rezende, porque o povo gosta disso. Temos tamb\u00e9m treinamentos para evitar os regionalismos, sobretudo em mat\u00e9rias que ser\u00e3o reproduzidas em outros estados.<\/p>\n<p><strong>Qual o perfil da equipe?<\/strong><br \/>\nNenhum se formou em jornalismo. Todos entraram na profiss\u00e3o porque se identificam com ela. Em geral, tamb\u00e9m fazem marketing pol\u00edtico, e a cada dois anos se afastam para assessorar campanhas eleitorais. Eu tamb\u00e9m fiz v\u00e1rias campanhas pol\u00edticas.<\/p>\n<p><strong>Essa duplicidade contamina o jornalismo da televis\u00e3o? At\u00e9 que ponto voc\u00eas t\u00eam liberdade para fazer jornalismo imparcial?<\/strong><br \/>\nN\u00e3o vejo muita interfer\u00eancia no jornalismo que a gente coloca no ar. Na campanha pol\u00edtica fazemos um trabalho muito mais agressivo e provocativo. Mas, quando fazemos jornalismo, s\u00f3 mostramos o que \u00e9 real e ouvimos todas as partes.<\/p>\n<p><strong>Quando seu patr\u00e3o disputa uma elei\u00e7\u00e3o, a TV cobre a campanha dele? O jornalismo, nesse caso, n\u00e3o acaba limitado?<\/strong><br \/>\nEm 2014, o Wagner Fontes concorreu a deputado, e eu me afastei da TV para trabalhar na campanha dele. Essas coisas acontecem no Brasil inteiro. A maioria das TVs \u00e9 apadrinhada por pol\u00edticos.<\/p>\n<p>Na campanha passada, a emissora que retransmite a Record News fez um programa de entrevistas com candidatos e n\u00e3o entrevistou o Wagner porque \u00e9 advers\u00e1rio do prefeito. A gente n\u00e3o faria o programa se fosse para deixar um candidato de fora.<\/p>\n<p><strong>As retransmissoras de TV s\u00e3o importantes na economia de Reden\u00e7\u00e3o?<\/strong><br \/>\nS\u00e3o muito importantes. Estamos vivendo o come\u00e7o de uma crise econ\u00f4mica e a popula\u00e7\u00e3o n\u00e3o sabe at\u00e9 quando a recess\u00e3o vai perdurar. Mas os empres\u00e1rios continuam investindo em publicidade porque sabem que ficar\u00e1 pior se deixarem de investir em TV.<\/p><\/blockquote>\n","protected":false},"excerpt":{"rendered":"<p>Nas manh\u00e3s de sexta-feira, o est\u00fadio da TV Cidade, de Reden\u00e7\u00e3o, \u00e9 invadido pela trupe do cantor sertanejo Simi\u00e3o Nogueira, que apresenta o Clube da Viola. Ele chega cedo \u00e0 emissora para limpar e decorar o cen\u00e1rio com cachos de banana, berrante, chifres de boi e produtos dos patrocinadores. H\u00e1 cuidado especial com o fog\u00e3o a lenha, que precisa estar fumegante quando o programa semanal entra no ar, ao meio-dia.<\/p>\n","protected":false},"author":2,"featured_media":73,"parent":0,"menu_order":50,"comment_status":"closed","ping_status":"closed","template":"","meta":{"_acf_changed":false,"footnotes":""},"coauthors":[3],"class_list":["post-72","page","type-page","status-publish","has-post-thumbnail","hentry"],"acf":[],"jetpack_sharing_enabled":true,"_links":{"self":[{"href":"https:\/\/apublica.org\/tvsdaamazonia\/wp-json\/wp\/v2\/pages\/72","targetHints":{"allow":["GET"]}}],"collection":[{"href":"https:\/\/apublica.org\/tvsdaamazonia\/wp-json\/wp\/v2\/pages"}],"about":[{"href":"https:\/\/apublica.org\/tvsdaamazonia\/wp-json\/wp\/v2\/types\/page"}],"author":[{"embeddable":true,"href":"https:\/\/apublica.org\/tvsdaamazonia\/wp-json\/wp\/v2\/users\/2"}],"replies":[{"embeddable":true,"href":"https:\/\/apublica.org\/tvsdaamazonia\/wp-json\/wp\/v2\/comments?post=72"}],"version-history":[{"count":1,"href":"https:\/\/apublica.org\/tvsdaamazonia\/wp-json\/wp\/v2\/pages\/72\/revisions"}],"predecessor-version":[{"id":159,"href":"https:\/\/apublica.org\/tvsdaamazonia\/wp-json\/wp\/v2\/pages\/72\/revisions\/159"}],"wp:featuredmedia":[{"embeddable":true,"href":"https:\/\/apublica.org\/tvsdaamazonia\/wp-json\/wp\/v2\/media\/73"}],"wp:attachment":[{"href":"https:\/\/apublica.org\/tvsdaamazonia\/wp-json\/wp\/v2\/media?parent=72"}],"wp:term":[{"taxonomy":"author","embeddable":true,"href":"https:\/\/apublica.org\/tvsdaamazonia\/wp-json\/wp\/v2\/coauthors?post=72"}],"curies":[{"name":"wp","href":"https:\/\/api.w.org\/{rel}","templated":true}]}}