{"id":97,"date":"2016-01-19T11:55:39","date_gmt":"2016-01-19T13:55:39","guid":{"rendered":"https:\/\/apublica.org\/tvsdaamazonia.new\/index.php\/tvs-da-amazonia\/"},"modified":"2022-05-23T13:40:44","modified_gmt":"2022-05-23T16:40:44","slug":"tvs-da-amazonia","status":"publish","type":"page","link":"https:\/\/apublica.org\/tvsdaamazonia\/","title":{"rendered":"TVs da Amaz\u00f4nia"},"content":{"rendered":"<p>A Amaz\u00f4nia Legal \u00e9 gigante em todos os sentidos. S\u00e3o nove estados que representam 56% do territ\u00f3rio nacional. Grande parte da regi\u00e3o \u00e9 coberta por florestas, o acesso aos munic\u00edpios \u00e9 dif\u00edcil. E as comunica\u00e7\u00f5es de modo geral s\u00e3o prec\u00e1rias.<\/p>\n<p><!--more-->O que torna as televis\u00f5es na regi\u00e3o diferentes \u00e9 uma legisla\u00e7\u00e3o especial que permitiu a prolifera\u00e7\u00e3o de miniemissoras de TV aberta que produzem conte\u00fado local.<\/p>\n<p>No resto do pa\u00eds, as retransmissoras apenas captam a programa\u00e7\u00e3o das geradoras e a retransmitem, sem nenhuma interfer\u00eancia no conte\u00fado. Afinal, segundo a lei, geradoras s\u00e3o empresas de televis\u00e3o com concess\u00e3o da Uni\u00e3o para produzir conte\u00fado de comunica\u00e7\u00e3o de massa. As concess\u00f5es, aprovadas pelo presidente da Rep\u00fablica e referendadas pelo Congresso Nacional, s\u00e3o v\u00e1lidas por 15 anos, renov\u00e1veis por iguais per\u00edodos. J\u00e1 as retransmissoras n\u00e3o passam de equipamentos (decodificador e transmissor) ligados a uma antena. As outorgas s\u00e3o mais simples, dadas por portaria pelo ministro das Comunica\u00e7\u00f5es apenas.<\/p>\n<p>Mas na Amaz\u00f4nia, gra\u00e7as a um lei de 1978, elas podem criar conte\u00fado pr\u00f3prio. O decreto do ent\u00e3o presidente, general Ernesto Geisel, permitiu que retransmissoras situadas em \u201cregi\u00f5es de fronteira de desenvolvimento\u201d fizessem inser\u00e7\u00f5es locais na programa\u00e7\u00e3o. Dez anos depois, Ant\u00f4nio Carlos Magalh\u00e3es, ministro das Comunica\u00e7\u00f5es do governo Sarney, definiu que essas \u00e1reas seriam a Amaz\u00f4nia Legal. Segundo o ex-secret\u00e1rio Executivo do Minist\u00e9rio das Comunica\u00e7\u00f5es R\u00f4mulo Villar Furtado, ACM assinou a portaria a pedido do empres\u00e1rio Phellipe Daou, um dos fundadores da Rede Amaz\u00f4nica, afiliada da Globo no Acre, Amazonas, Rond\u00f4nia, Roraima e Amap\u00e1. \u201cPoucos empres\u00e1rios se mostravam dispostos a investir em TV em \u00e1reas remotas. Uma forma de atra\u00ed-los era dar autonomia financeira \u00e0s retransmissoras, deix\u00e1-las gerar conte\u00fado para auferir algum recurso com publicidade local\u201d, disse Furtado.<\/p>\n<p>A portaria permite at\u00e9 3 horas e meia por dia de programa\u00e7\u00e3o pr\u00f3pria. Esse \u00e9 o caso de\u00a01.737 canais espalhados por 742 munic\u00edpios no Par\u00e1, Rond\u00f4nia, Acre, Amazonas, Roraima, Amap\u00e1, Tocantins, Maranh\u00e3o e Mato Grosso.\u00a0Nessas localidades, ter uma retransmissora equivale a ter uma emissora de televis\u00e3o: com logomarca, est\u00fadio, apresentadores, rep\u00f3rteres e dinheiro entrando no caixa com a venda de an\u00fancios. \u00a0Um quinto desses canais pertence a pol\u00edticos. Empres\u00e1rios e\u00a0igrejas tamb\u00e9m brigam\u00a0para ocupar esse espa\u00e7o.<\/p>\n<p>Na Amaz\u00f4nia Legal,\u00a0as TVs locais ganham vida.<\/p>\n<p><strong>Reportagem:<\/strong> Elvira Lobato \u00a0 <strong>Projeto multim\u00eddia:<\/strong> Ag\u00eancia P\u00fablica<\/p>\n","protected":false},"excerpt":{"rendered":"<p>A Amaz\u00f4nia Legal \u00e9 gigante em todos os sentidos. S\u00e3o nove estados que representam 56% do territ\u00f3rio nacional. Grande parte da regi\u00e3o \u00e9 coberta por florestas, o acesso aos munic\u00edpios \u00e9 dif\u00edcil. E as comunica\u00e7\u00f5es de modo geral s\u00e3o prec\u00e1rias.<\/p>\n","protected":false},"author":2,"featured_media":98,"parent":0,"menu_order":0,"comment_status":"closed","ping_status":"closed","template":"","meta":{"_acf_changed":false,"footnotes":""},"coauthors":[4],"class_list":["post-97","page","type-page","status-publish","has-post-thumbnail","hentry"],"acf":[],"jetpack_sharing_enabled":true,"_links":{"self":[{"href":"https:\/\/apublica.org\/tvsdaamazonia\/wp-json\/wp\/v2\/pages\/97","targetHints":{"allow":["GET"]}}],"collection":[{"href":"https:\/\/apublica.org\/tvsdaamazonia\/wp-json\/wp\/v2\/pages"}],"about":[{"href":"https:\/\/apublica.org\/tvsdaamazonia\/wp-json\/wp\/v2\/types\/page"}],"author":[{"embeddable":true,"href":"https:\/\/apublica.org\/tvsdaamazonia\/wp-json\/wp\/v2\/users\/2"}],"replies":[{"embeddable":true,"href":"https:\/\/apublica.org\/tvsdaamazonia\/wp-json\/wp\/v2\/comments?post=97"}],"version-history":[{"count":1,"href":"https:\/\/apublica.org\/tvsdaamazonia\/wp-json\/wp\/v2\/pages\/97\/revisions"}],"predecessor-version":[{"id":167,"href":"https:\/\/apublica.org\/tvsdaamazonia\/wp-json\/wp\/v2\/pages\/97\/revisions\/167"}],"wp:featuredmedia":[{"embeddable":true,"href":"https:\/\/apublica.org\/tvsdaamazonia\/wp-json\/wp\/v2\/media\/98"}],"wp:attachment":[{"href":"https:\/\/apublica.org\/tvsdaamazonia\/wp-json\/wp\/v2\/media?parent=97"}],"wp:term":[{"taxonomy":"author","embeddable":true,"href":"https:\/\/apublica.org\/tvsdaamazonia\/wp-json\/wp\/v2\/coauthors?post=97"}],"curies":[{"name":"wp","href":"https:\/\/api.w.org\/{rel}","templated":true}]}}