{"id":125,"date":"2017-01-31T09:08:53","date_gmt":"2017-01-31T11:08:53","guid":{"rendered":"http:\/\/apublica.org\/vigilancia\/?page_id=125"},"modified":"2022-06-14T23:20:29","modified_gmt":"2022-06-15T02:20:29","slug":"um-flagrante-quase-perfeito","status":"publish","type":"page","link":"https:\/\/apublica.org\/vigilancia\/infiltrados\/um-flagrante-quase-perfeito\/","title":{"rendered":"Um flagrante (quase) perfeito"},"content":{"rendered":"<p class=\"p1\"><span class=\"s1\">Pergunte a qualquer carioca se ele sabe quem \u00e9 Bruno Ferreira Teles, e h\u00e1 grande chance de ele dizer sim. Esse rapaz alto, moreno, corpulento e sorridente ficou famoso no Rio de Janeiro depois de vivenciar um epis\u00f3dio ins\u00f3lito no auge dos protestos de 2013, profundamente revelador das estrat\u00e9gias adotadas pela Secretaria de Seguran\u00e7a P\u00fablica para desarmar os protestos que acabaram enterrando a carreira pol\u00edtica do ent\u00e3o governador S\u00e9rgio Cabral (PMDB). Reeleito em 2010 com 66% dos votos, a popularidade de Cabral <a href=\"http:\/\/odia.ig.com.br\/noticia\/brasil\/2013-07-26\/cabral-despenca-no-ibope.html\" target=\"_blank\" rel=\"noopener\">despencou<\/a> de 45% para 12% durante as jornadas de junho. Hoje, \u00e9 um dos presos da Lava Jato.<br \/>\n<\/span><span class=\"s3\"><br \/>\nEm meados de junho de 2013, Bruno, com ent\u00e3o 25 anos, n\u00e3o pensava em Cabral e nem mesmo em pol\u00edtica, quando foi surpreendido por uma manifesta\u00e7\u00e3o no centro no Rio. Morador da Baixada Fluminense, tinha ido comprar um equipamento <\/span><span class=\"s1\">para<\/span><span class=\"s3\"> fazer efeitos especiais em v\u00eddeos \u2013 \u00e9 assim que ele ganha a vida<\/span><span class=\"s4\">. <\/span><span class=\"s2\">\u201cEu sempre fui contra o sistema dentro de casa, sabia que os poderosos estavam mentindo pra benef\u00edcio pr\u00f3prio, mas n\u00e3o tinha aquela pr\u00e1tica de ir pra rua. A\u00ed eu me deparei com o pessoal protestando aquele neg\u00f3cio de 20 centavos\u201d. Bruno gostou do que viu e resolver aderir \u00e0s manifesta\u00e7\u00f5es. Ele foi a quatro.<\/span><\/p>\n<p class=\"p3\"><span class=\"s2\">\u201cEu fiz um cartaz e desenhei: \u2018Contra a corrup\u00e7\u00e3o\u2019\u201d, diz.<\/span><\/p>\n<p class=\"p3\"><span class=\"s2\">Na segunda-feira, dia 22 de julho, sabia que seria sua \u00faltima. \u201cDecidi n\u00e3o me arriscar mais nesse neg\u00f3cio. Tava ficando muito violento e perdendo for\u00e7a\u201d, conta. Era o dia em que o papa Francisco chegava ao Rio de Janeiro, e ele tinha dois objetivos: \u201cEu queria protestar. S\u00f3 que eu sou de origem cat\u00f3lica, eu tamb\u00e9m queria ver o papa. Queria fazer os dois\u201d. Animado com o sucesso de grupos como M\u00eddia Ninja, Bruno decidiu fazer um v\u00eddeo sobre sua ida ao centro da cidade. Chegou a gravar dicas de como se proteger em manifesta\u00e7\u00f5es, mostrando um colete de alum\u00ednio que fabricou para conter as balas de borracha. Foi filmando o trem desde Duque de Caxias at\u00e9 o largo do Machado, onde 300 manifestantes se reuniram para caminhar rumo ao pal\u00e1cio de governo. \u201cMas eu n\u00e3o tinha no\u00e7\u00e3o que ia acontecer aquilo que aconteceu\u201d, resume.<\/span><\/p>\n<h3 class=\"p7\"><span class=\"s1\"><b>Molotov e bala de borracha<\/b><\/span><\/h3>\n<p class=\"p7\"><span class=\"s1\">Naquele dia, o pau comeu cedo entre os manifestantes e a pol\u00edcia: por volta das 19 horas. \u201cO papa saiu, voou a bomba. Eu tava na frente, voou uma bomba em dire\u00e7\u00e3o \u00e0 pol\u00edcia, veio l\u00e1 de tr\u00e1s, dos manifestantes. A\u00ed deu aquele estouro, eu n\u00e3o vi mais nada\u201d, diz.<\/span><\/p>\n<p class=\"p8\"><span class=\"s2\">Bruno n\u00e3o viu de onde veio o coquetel molotov que feriu dois policiais naquela noite. Mas outras pessoas viram \u2013 e filmaram. Um v\u00eddeo publicado na internet (<a href=\"https:\/\/www.youtube.com\/watch?v=xK9ZdV1Ao-4\" target=\"_blank\" rel=\"noopener\">veja aqui, <span class=\"s5\">editado pela<\/span> M\u00eddia Ninja<\/a>) mostra que Bruno estava diante de uma barreira de metal, que separava os manifestantes de policiais militares fortemente preparados \u2013 escudos, capacetes, cassetetes nas m\u00e3os.<\/span><\/p>\n<p class=\"p7\"><span class=\"s1\">No filme, Bruno levanta os bra\u00e7os, exaltado, grita para os PMs; e depois empurra junto com outros jovens a barreira de metal. Ele aparece de blus\u00e3o cinza, cal\u00e7a preta e com \u00f3culos de prote\u00e7\u00e3o. N\u00e3o porta mochila nem segura nada; a c\u00e2mera j\u00e1 estava no bolso da sua cal\u00e7a. \u00c9 quando vem o primeiro clar\u00e3o da parte de tr\u00e1s, bem distante de onde ele estava. Pouco depois, os policiais avan\u00e7aram. E ele lembra: \u201cDo nada veio uma m\u00e3o no meu bra\u00e7o, eu nem olhei pra ver quem era. Falei: \u2018Solta, solta!\u2019. Nisso eu olhei e j\u00e1 tava vindo uma manada, uns 40, 50 policiais em cima de mim\u201d. A cena foi filmada por outra carioca do alto de uma janela:<\/span><\/p>\n<p><iframe loading=\"lazy\" src=\"https:\/\/www.youtube.com\/embed\/KWRBnoya1wg\" width=\"760\" height=\"515\" frameborder=\"0\" allowfullscreen=\"allowfullscreen\"><\/iframe><\/p>\n<p class=\"p8\"><span class=\"s2\">Bruno consegue se desvencilhar e sai correndo. \u201cC<\/span><span class=\"s1\">orri muito, nisso fui sentindo umas balas [de borracha]\u201d. Na corrida, viu um homem partir para a sua dire\u00e7\u00e3o. \u201cEu fui por instinto de me defender. Falei: \u2018Esse cara vai me dar uma \u2018banda\u2019, eu vou tentar dar uma voadora. Ele n\u00e3o estava de farda. A\u00ed eu dei uma pesada na perna dele<\/span><span class=\"s2\"> e cambaleei, mas continuei de p\u00e9. Depoi<\/span><span class=\"s1\">s eu fui saber que era um policial infiltrado. Era um P2.\u201d <\/span><\/p>\n<p class=\"p8\"><span class=\"s1\">Um <a href=\"https:\/\/www.youtube.com\/watch?v=5oe84cDDFJE\" target=\"_blank\" rel=\"noopener\"><span class=\"s6\">terceiro v\u00eddeo<\/span><\/a> mostra ainda o final da persegui\u00e7\u00e3o. O cinegrafista registrou Bruno correndo pela rua Pinheiro Machado. \u00c9 perseguido por um policial e um homem sem farda, de camiseta branca. Atingido por um tiro de pistola Taser, ele cai no ch\u00e3o. O PM se debru\u00e7a sobre ele e d\u00e1 choques com a arma. \u201cEu senti\u2026 Eu nem sei mais o que eu tava sentindo. <\/span><span class=\"s2\">Tava cansado, j\u00e1 tinha tomado bala de borracha\u201d, lembra o rapaz. \u201cSabe no <i>Senhor dos An\u00e9is<\/i>, quando o Frodo est\u00e1 quase pegando o anel, mas est\u00e1 quase sem for\u00e7a?\u201d<\/span><\/p>\n<p><iframe loading=\"lazy\" src=\"https:\/\/www.youtube.com\/embed\/5oe84cDDFJE\" width=\"760\" height=\"515\" frameborder=\"0\" allowfullscreen=\"allowfullscreen\"><\/iframe><\/p>\n<p class=\"p8\"><span class=\"s2\">Em seguida, o homem de camiseta branca \u00e9 afastado, mas grita: \u201cSou pol\u00edcia! Sou pol\u00edcia!\u201d. O v\u00eddeo segue. Bruno \u00e9 arrastado por quatro PMs; a cabe\u00e7a pende para o lado. Logo o grupo levanta seu punho e mostra para a multid\u00e3o de fot\u00f3grafos dois braceletes met\u00e1licos que ele tamb\u00e9m usava para sua prote\u00e7\u00e3o. Logo o seguram em p\u00e9, mas sem camisa e com os bra\u00e7os puxados para tr\u00e1s. Um policial agarra seu pesco\u00e7o. Outros seguram o colete de metal sobre seu t\u00f3rax, exibindo-o para fotos: \u201c\u00d3 o colete! \u00d3 o colete!\u201d. Nesse momento, o policial Diego Luciano de Almeida grita para os jornalistas: \u201cFoi ele quem atirou o primeiro coquetel molotov!\u201d.<\/span><\/p>\n<p class=\"p7\"><span class=\"s1\">J\u00e1 algemado e recobrando os sentidos, Bruno come\u00e7a a se defender diante da imprensa. Um policial agarra sua cabe\u00e7a e se apoia sobre ela, empurrando-a para baixo. Um PM pergunta: \u201cEle \u00e9 preso de quem?\u201d. \u201cFoi o P2 que pegou ele.\u201d<\/span><\/p>\n<p class=\"p8\"><span class=\"s2\">Dias depois, o governador S\u00e9rgio Cabral <a href=\"http:\/\/g1.globo.com\/rio-de-janeiro\/noticia\/2013\/07\/cabral-diz-que-nao-sabia-de-policiais-infiltrados-em-manifestacoes-no-rio.ht\" target=\"_blank\" rel=\"noopener\"><span class=\"s8\">afirmou<\/span><\/a> desconhecer que havia policiais \u00e0 paisana nas manifesta\u00e7\u00f5es. J\u00e1 o rela\u00e7\u00f5es-p\u00fablicas da Pol\u00edcia Militar, coronel Frederico Caldas, reconheceu que eles agiam, mas apenas com objetivo de identificar agressores e coletar provas. Ele respondia a uma acusa\u00e7\u00e3o bastante grave, que tomou corpo naquela noite: os pr\u00f3prios P2 teriam sido respons\u00e1veis por atirar coquet\u00e9is molotov \u2013 o coronel disse que a acusa\u00e7\u00e3o o deixava \u201cenojado\u201d. Alguns v\u00eddeos feitos por an\u00f4nimos naquele dia impressionam: um homem vestido com uma camisa preta lan\u00e7a o coquetel molotov e depois aparece dentro do per\u00edmetro de seguran\u00e7a da pol\u00edcia, onde mostra uma identifica\u00e7\u00e3o e \u00e9 liberado sem maiores questionamentos. (<a href=\"https:\/\/www.youtube.com\/watch?v=xK9ZdV1Ao-4\" target=\"_blank\" rel=\"noopener\"><span class=\"s5\">Assista aqui<\/span><\/a> a uma compila\u00e7\u00e3o feita pela M\u00eddia Ninja).<\/span><\/p>\n<h3 class=\"p8\"><span class=\"s2\"><b>Tortura em Bangu\u00a0<\/b><\/span><\/h3>\n<p class=\"p7\"><span class=\"s1\">Bruno chegou \u00e0 delegacia por volta das 20 horas, junto com seis pessoas. Todas foram liberadas, mas ele ficou preso por dez horas, tempo suficiente para ser indiciado em flagrante por posse de explosivos e levado at\u00e9 Bangu.<\/span><\/p>\n<p class=\"p7\"><span class=\"s1\">Ainda na delegacia, fez um apelo por meio da M\u00eddia Ninja, pedindo que manifestantes postassem v\u00eddeos que provavam que ele n\u00e3o havia atirado a bomba caseira. \u201cQuando eram umas 4 horas da manh\u00e3, j\u00e1 tinha mais de 100 mil acessos. N\u00e3o apareceu apenas um v\u00eddeo, mas sete, oito v\u00eddeos, de v\u00e1rios \u00e2ngulos diferentes\u201d, conta.<\/span><\/p>\n<p class=\"p8\"><span class=\"s2\">Enquanto as imagens iam se proliferando na internet, as for\u00e7as de seguran\u00e7a soltavam notas acusat\u00f3rias. A PM divulgou no seu Twitter oficial que 20 coquet\u00e9is molotov tinham sido apreendidos com um manifestante. E a Pol\u00edcia Civil divulgou um balan\u00e7o com o nome dos sete presos e as acusa\u00e7\u00f5es. Bruno fora \u201cpreso por porte de artefato e desacato\u201d, segundo a nota, igualmente divulgada pela imprensa. Em <a href=\"http:\/\/www.correiodobrasil.com.br\/mp-ira-investigar-conduta-de-policial-que-prendeu-manifestante\/\" target=\"_blank\" rel=\"noopener\"><span class=\"s8\">depoimento<\/span><\/a> na delegacia, o PM Diego Luciano de Almeida disse que Bruno \u201ccome\u00e7ou a instigar os outros manifestantes\u201d e que \u201cneste momento, um manifestante n\u00e3o identificado lan\u00e7ou um \u2018coquetel molotov\u2019, e, logo ap\u00f3s acenderam um outro que entregaram a Bruno Teles, que tamb\u00e9m o lan\u00e7ou\u201d. Acusou-o tamb\u00e9m de oferecer resist\u00eancia \u00e0 leg\u00edtima voz de pris\u00e3o: \u201cO declarante machucou a sua m\u00e3o tentando deter Bruno, que resistia a todo momento usando a sua unha\u201d.<\/span><\/p>\n<p class=\"p8\"><span class=\"s2\">Bruno chegou a Bangu l\u00e1 pelas 4h30. O carcereiro logo o identificou como aquele que \u201c<\/span><span class=\"s1\">tava botando fogo na pol\u00edcia ontem\u201d. Em seguida, o encostou contra a parede e \u201cchamou um garoto e botou do meu lado, menino sem camisa, coitado, todo j\u00e1 esculhambado\u201d, lembra. \u201cE deu porrada no garoto. A\u00ed eu j\u00e1 fiquei com medo. E fiquei com mais pena do moleque do que com medo dele me bater. Eu s\u00f3 escutava umas porradas e uns gemidos.\u201d<\/span><\/p>\n<figure id=\"attachment_332\" aria-describedby=\"caption-attachment-332\" style=\"width: 850px\" class=\"wp-caption aligncenter\"><img loading=\"lazy\" decoding=\"async\" class=\"wp-image-332\" src=\"http:\/\/apublica.org\/vigilancia\/wp-content\/uploads\/2016\/12\/Bruno-Ferreira-Teles.jpg\" width=\"850\" height=\"638\" \/><figcaption id=\"caption-attachment-332\" class=\"wp-caption-text\">Bruno Ferreira Teles conquistou, em primeira inst\u00e2ncia, o direito de ser indenizado em R$15 mil pelo governo do Rio. Em 2016, por\u00e9m, a decis\u00e3o foi revertida na segunda inst\u00e2ncia (Foto: Natalia Viana\/Ag\u00eancia P\u00fablica)<\/figcaption><\/figure>\n<p>&nbsp;<\/p>\n<p class=\"p8\"><span class=\"s1\">Bruno ficou em uma sela separada, s\u00f3 para ele. N\u00e3o pregou os olhos; de manh\u00e3 foi liberado gra\u00e7as a um <em>habeas corpus<\/em>. A decis\u00e3o judicial alertava para pris\u00f5es \u201csem amparo legal durante as manifesta\u00e7\u00f5es populares que v\u00eam ocorrendo recentemente no pa\u00eds\u201d. E a<\/span><span class=\"s2\">t\u00e9 o papa <a href=\"http:\/\/www.bahianapolitica.com.br\/noticias\/16012\/papa-defende-dialogo-entre-governantes-e-manifestantes.html\" target=\"_blank\" rel=\"noopener\"><span class=\"s5\">defendeu<\/span><\/a> as manifesta\u00e7\u00f5es. \u201cEle disse que a voz dos manifestantes tem que ser ouvida\u201d, diz Bruno.<\/span><\/p>\n<p class=\"p8\"><span class=\"s1\">Seis dias depois, o processo contra ele foi arquivado ap\u00f3s <\/span><span class=\"s2\">o Minist\u00e9rio P\u00fablico (MP) ter analisado as imagens dispon\u00edveis na internet. <\/span><span class=\"s3\">Para o MP, a <\/span><span class=\"s1\">palavra isolada do policial <\/span><span class=\"s9\">Diego Luciano de Almeida<\/span><span class=\"s1\"> \u201cn\u00e3o configura ind\u00edcio suficiente de autoria a justificar a deflagra\u00e7\u00e3o da inst\u00e2ncia penal, em n\u00e3o havendo outras provas\u201d. Destacou, ainda, que os policiais feridos diziam \u201cn\u00e3o ter como identificar o autor do arremesso\u201d.<\/span> <span class=\"s2\">O<\/span><span class=\"s1\"> PM <a href=\"http:\/\/veja.abril.com.br\/brasil\/pm-que-prendeu-manifestante-bruno-ferreira-teles-responde-por-homicidio-e-agressao\/\" target=\"_blank\" rel=\"noopener\"><span class=\"s3\">passou a ser investigado<\/span><\/a><\/span> <span class=\"s1\">pelo MP por excessos na pris\u00e3o e de falso testemunho<\/span><span class=\"s1\">.<br \/>\n<\/span><span class=\"s3\"><br \/>\n<\/span><span class=\"s2\">\u201cFoi um dia em que o sistema levou um xeque-mate\u201d, lembra Bruno. \u201cMe senti orgulhoso de todo esse trabalho que n\u00f3s fizemos.\u201d <\/span><\/p>\n<h3 class=\"p8\"><span class=\"s2\"><b>A Justi\u00e7a reconhece e depois d\u00e1 para tr\u00e1s<\/b><\/span><\/h3>\n<p class=\"p8\"><span class=\"s2\">\u201cFoi um abuso\u201d, resume o advogado Miguel Dehon, que defende o caxiense. Logo ap\u00f3s o arquivamento da acusa\u00e7\u00e3o, Dehon iniciou a segunda etapa dessa hist\u00f3ria \u2013 a luta por repara\u00e7\u00e3o. No processo, afirmava que o rapaz fora atingido em sua \u201chonra, a intimidade, a vida privada e a imagem, por for\u00e7a da pr\u00e1tica arbitr\u00e1ria e por que n\u00e3o dizer midi\u00e1tica dos agentes de seguran\u00e7a p\u00fablica\u201d. <\/span><span class=\"s10\">(<a href=\"http:\/\/apublica.org\/vigilancia\/wp-content\/uploads\/2016\/12\/Bruno-Ferreira-Teles-pec\u0327a-inicial.pdf\" target=\"_blank\" rel=\"noopener\">Baixe aqui a pe\u00e7a<\/a>)<\/span><\/p>\n<p class=\"p8\"><span class=\"s1\">Quase dois anos depois do ocorrido, em mar\u00e7o de 2015, a ju\u00edza Sylvia Therezinha Hausen de Area Le\u00e3o, da 2\u00aa Vara de Fazenda P\u00fablica do Rio, lavou a alma e deu ganho de causa ao manifestante. \u201cResta claro o equ\u00edvoco e a\u00e7odamento dos policiais militares em incriminar o autor\u201d, disse a ju\u00edza. \u201cQuanto \u00e0 fuga do autor ap\u00f3s ser abordado pelos policiais, \u00e9 certo que ele deu causa \u00e0 persegui\u00e7\u00e3o policial. Por outro lado, diante da din\u00e2mica dos fatos narrados, entendo que n\u00e3o h\u00e1 como imputar a culpa exclusiva da v\u00edtima na produ\u00e7\u00e3o do evento, haja vista o clima de tens\u00e3o das manifesta\u00e7\u00f5es e a sucess\u00e3o de not\u00edcias veiculadas \u00e0 \u00e9poca sobre a abordagem violenta dos policiais militares, o que justifica a tentativa do autor de fugir da abordagem. Por outro lado, eventual fuga do cidad\u00e3o n\u00e3o torna l\u00edcita qualquer atividade excessiva da pol\u00edcia na pr\u00f3pria persegui\u00e7\u00e3o policial e tampouco autoriza o indiciamento equivocado de uma pessoa em inqu\u00e9rito policial\u201d. A ju\u00edza condenou o Estado a pagar uma indeniza\u00e7\u00e3o de R$ 15 mil <\/span><span class=\"s10\">(<a href=\"http:\/\/apublica.org\/vigilancia\/wp-content\/uploads\/2016\/12\/Bruno-Ferreira-Teles-Sentenc\u0327a-1a-instancia.pdf\" target=\"_blank\" rel=\"noopener\">veja aqui a senten\u00e7a<\/a>).<\/span><\/p>\n<p class=\"p7\"><span class=\"s1\">Por\u00e9m a celebra\u00e7\u00e3o da vit\u00f3ria durou pouco. <a href=\"http:\/\/apublica.org\/vigilancia\/wp-content\/uploads\/2016\/12\/Bruno-Ferreira-Teles-Sentenc\u0327a-em-segunda-insta\u0303ncia.pdf\" target=\"_blank\" rel=\"noopener\">O governo do Rio recorreu \u00e0 segunda inst\u00e2ncia, que reverteu a decis\u00e3o em 13 de abril de 2016<\/a>. Para o desembargador Elton M. C. Leme, os policiais agiram legalmente. \u201cAinda que o primeiro autor n\u00e3o tenha lan\u00e7ado nenhum artefato explosivo contra a tropa, participava da mesma baderna descontrolada. Na din\u00e2mica dos fatos, acabou imobilizado por policiais, ap\u00f3s oferecer resist\u00eancia. Houve, portanto, persegui\u00e7\u00e3o e resist\u00eancia.\u201d Ele conclui: \u201cA coer\u00e7\u00e3o pessoal que enseja o dano moral pelo sofrimento causado ao cidad\u00e3o \u00e9 aquela que n\u00e3o observa os par\u00e2metros legais e decorre de m\u00e1-f\u00e9 dos agentes p\u00fablicos, o que n\u00e3o se verificou no caso concreto, em que n\u00e3o houve viola\u00e7\u00e3o ao princ\u00edpio da dignidade da pessoa humana\u201d.<\/span><\/p>\n<p class=\"p3\"><span class=\"s1\">Agora o advogado de Bruno recorre ao Supremo Tribunal Federal (STF), onde n\u00e3o h\u00e1 previs\u00e3o para uma nova senten\u00e7a. \u201cEu fiz o recurso ao STF, mas eu acho muito dif\u00edcil, apesar de todo o meu esfor\u00e7o, mudar isso. \u00c9 uma decis\u00e3o absolutamente retr\u00f3grada\u201d, lastima Dehon.<\/span><\/p>\n","protected":false},"excerpt":{"rendered":"<p>Pergunte a qualquer carioca se ele sabe quem \u00e9 Bruno Ferreira Teles, e h\u00e1 grande chance de ele dizer sim. Esse rapaz alto, moreno, corpulento e sorridente ficou famoso no Rio de Janeiro depois de vivenciar um epis\u00f3dio ins\u00f3lito no auge dos protestos de 2013, profundamente revelador das estrat\u00e9gias adotadas pela Secretaria de Seguran\u00e7a P\u00fablica &hellip; <a href=\"https:\/\/apublica.org\/vigilancia\/infiltrados\/um-flagrante-quase-perfeito\/\" class=\"more-link\">Continue lendo <span class=\"screen-reader-text\"> &#8220;Um flagrante (quase) perfeito&#8221; <\/span><\/a><\/p>\n","protected":false},"author":2,"featured_media":265,"parent":6,"menu_order":0,"comment_status":"closed","ping_status":"closed","template":"page_with-infiltration.php","meta":{"_acf_changed":false,"footnotes":""},"coauthors":[30],"class_list":["post-125","page","type-page","status-publish","has-post-thumbnail","hentry"],"acf":[],"jetpack_sharing_enabled":true,"_links":{"self":[{"href":"https:\/\/apublica.org\/vigilancia\/wp-json\/wp\/v2\/pages\/125","targetHints":{"allow":["GET"]}}],"collection":[{"href":"https:\/\/apublica.org\/vigilancia\/wp-json\/wp\/v2\/pages"}],"about":[{"href":"https:\/\/apublica.org\/vigilancia\/wp-json\/wp\/v2\/types\/page"}],"author":[{"embeddable":true,"href":"https:\/\/apublica.org\/vigilancia\/wp-json\/wp\/v2\/users\/2"}],"replies":[{"embeddable":true,"href":"https:\/\/apublica.org\/vigilancia\/wp-json\/wp\/v2\/comments?post=125"}],"version-history":[{"count":16,"href":"https:\/\/apublica.org\/vigilancia\/wp-json\/wp\/v2\/pages\/125\/revisions"}],"predecessor-version":[{"id":887,"href":"https:\/\/apublica.org\/vigilancia\/wp-json\/wp\/v2\/pages\/125\/revisions\/887"}],"up":[{"embeddable":true,"href":"https:\/\/apublica.org\/vigilancia\/wp-json\/wp\/v2\/pages\/6"}],"wp:featuredmedia":[{"embeddable":true,"href":"https:\/\/apublica.org\/vigilancia\/wp-json\/wp\/v2\/media\/265"}],"wp:attachment":[{"href":"https:\/\/apublica.org\/vigilancia\/wp-json\/wp\/v2\/media?parent=125"}],"wp:term":[{"taxonomy":"author","embeddable":true,"href":"https:\/\/apublica.org\/vigilancia\/wp-json\/wp\/v2\/coauthors?post=125"}],"curies":[{"name":"wp","href":"https:\/\/api.w.org\/{rel}","templated":true}]}}