{"id":661,"date":"2017-01-31T16:52:12","date_gmt":"2017-01-31T18:52:12","guid":{"rendered":"http:\/\/apublica.org\/vigilancia\/?page_id=661"},"modified":"2017-01-31T17:03:26","modified_gmt":"2017-01-31T19:03:26","slug":"detalhamento-dos-custos-do-cicc-do-rio","status":"publish","type":"page","link":"https:\/\/apublica.org\/vigilancia\/vigilancia-em-numeros\/detalhamento-dos-custos-do-cicc-do-rio\/","title":{"rendered":"Detalhamento dos custos do CICC RJ"},"content":{"rendered":"<p>\n<strong>Custo total: R$ 64,1 milh\u00f5es<\/strong><\/p>\n<p>Cada Centro Integrado de Comando e Controle (CICCs) \u00e9 composto por v\u00e1rias estruturas.<\/p>\n<p>Al\u00e9m da Sala Cofre, que \u00e9 o principal centro de opera\u00e7\u00f5es, h\u00e1 ve\u00edculos m\u00f3veis como os Centros Integrados de Comando e Controle M\u00f3veis (CICCMs) e as Plataformas de Observa\u00e7\u00e3o Elevadas (POEs).<\/p>\n<p>A Solu\u00e7\u00e3o Integradora contempla o fornecimento de bens e servi\u00e7os na implanta\u00e7\u00e3o de solu\u00e7\u00f5es, sistemas, bens e infraestrutura de Tecnologia da Informa\u00e7\u00e3o e Comunica\u00e7\u00e3o<\/p>\n","protected":false},"excerpt":{"rendered":"<p>Custo total: R$ 64,1 milh\u00f5es Cada Centro Integrado de Comando e Controle (CICCs) \u00e9 composto por v\u00e1rias estruturas. Al\u00e9m da Sala Cofre, que \u00e9 o principal centro de opera\u00e7\u00f5es, h\u00e1 ve\u00edculos m\u00f3veis como os Centros Integrados de Comando e Controle M\u00f3veis (CICCMs) e as Plataformas de Observa\u00e7\u00e3o Elevadas (POEs). A Solu\u00e7\u00e3o Integradora contempla o fornecimento &hellip; <a href=\"https:\/\/apublica.org\/vigilancia\/vigilancia-em-numeros\/detalhamento-dos-custos-do-cicc-do-rio\/\" class=\"more-link\">Continue lendo <span class=\"screen-reader-text\"> &#8220;Detalhamento dos custos do CICC RJ&#8221; <\/span><\/a><\/p>\n","protected":false},"author":6,"featured_media":663,"parent":14,"menu_order":0,"comment_status":"closed","ping_status":"closed","template":"page_with-data.php","meta":{"_acf_changed":false,"footnotes":""},"coauthors":[],"class_list":["post-661","page","type-page","status-publish","has-post-thumbnail","hentry"],"acf":[],"jetpack_sharing_enabled":true,"_links":{"self":[{"href":"https:\/\/apublica.org\/vigilancia\/wp-json\/wp\/v2\/pages\/661","targetHints":{"allow":["GET"]}}],"collection":[{"href":"https:\/\/apublica.org\/vigilancia\/wp-json\/wp\/v2\/pages"}],"about":[{"href":"https:\/\/apublica.org\/vigilancia\/wp-json\/wp\/v2\/types\/page"}],"author":[{"embeddable":true,"href":"https:\/\/apublica.org\/vigilancia\/wp-json\/wp\/v2\/users\/6"}],"replies":[{"embeddable":true,"href":"https:\/\/apublica.org\/vigilancia\/wp-json\/wp\/v2\/comments?post=661"}],"version-history":[{"count":8,"href":"https:\/\/apublica.org\/vigilancia\/wp-json\/wp\/v2\/pages\/661\/revisions"}],"predecessor-version":[{"id":673,"href":"https:\/\/apublica.org\/vigilancia\/wp-json\/wp\/v2\/pages\/661\/revisions\/673"}],"up":[{"embeddable":true,"href":"https:\/\/apublica.org\/vigilancia\/wp-json\/wp\/v2\/pages\/14"}],"wp:featuredmedia":[{"embeddable":true,"href":"https:\/\/apublica.org\/vigilancia\/wp-json\/wp\/v2\/media\/663"}],"wp:attachment":[{"href":"https:\/\/apublica.org\/vigilancia\/wp-json\/wp\/v2\/media?parent=661"}],"wp:term":[{"taxonomy":"author","embeddable":true,"href":"https:\/\/apublica.org\/vigilancia\/wp-json\/wp\/v2\/coauthors?post=661"}],"curies":[{"name":"wp","href":"https:\/\/api.w.org\/{rel}","templated":true}]}}